Last updated on 2023-12-04 16:53:38 CET.
Flavor | Version | Tinstall | Tcheck | Ttotal | Status | Flags |
---|---|---|---|---|---|---|
r-devel-linux-x86_64-debian-clang | 1.62 | 47.16 | 246.39 | 293.55 | OK | |
r-devel-linux-x86_64-debian-gcc | 1.62 | 34.60 | 175.38 | 209.98 | OK | |
r-devel-linux-x86_64-fedora-clang | 1.63 | 200.84 | OK | |||
r-devel-linux-x86_64-fedora-gcc | 1.63 | 186.68 | OK | |||
r-devel-windows-x86_64 | 1.63 | 32.00 | 170.00 | 202.00 | OK | |
r-patched-linux-x86_64 | 1.62 | 45.21 | 232.28 | 277.49 | OK | |
r-release-linux-x86_64 | 1.62 | 38.94 | 230.83 | 269.77 | OK | |
r-release-macos-arm64 | 1.63 | 82.00 | OK | |||
r-release-macos-x86_64 | 1.63 | 10.00 | ERROR | |||
r-release-windows-x86_64 | 1.62 | 55.00 | 257.00 | 312.00 | OK | |
r-oldrel-macos-arm64 | 1.63 | 110.00 | OK | |||
r-oldrel-macos-x86_64 | 1.61 | 290.00 | OK | |||
r-oldrel-windows-x86_64 | 1.63 | 32.00 | 182.00 | 214.00 | OK |
Version: 1.63
Check: whether package can be installed
Result: ERROR
Installation failed.
Flavor: r-release-macos-x86_64