Last updated on 2023-09-25 05:01:34 CEST.
Flavor | Version | Tinstall | Tcheck | Ttotal | Status | Flags |
---|---|---|---|---|---|---|
r-devel-linux-x86_64-debian-clang | 0.3-5 | 282.65 | 43.08 | 325.73 | OK | |
r-devel-linux-x86_64-debian-gcc | 0.3-5 | 193.18 | 33.22 | 226.40 | OK | |
r-devel-linux-x86_64-fedora-clang | 0.3-5 | 537.59 | OK | |||
r-devel-linux-x86_64-fedora-gcc | 0.3-5 | 523.55 | OK | |||
r-devel-windows-x86_64 | 0.3-5 | 187.00 | 91.00 | 278.00 | OK | |
r-patched-linux-x86_64 | 0.3-5 | 273.89 | 41.96 | 315.85 | OK | |
r-release-linux-x86_64 | 0.3-5 | 274.98 | 41.92 | 316.90 | OK | |
r-release-macos-arm64 | 0.3-5 | 99.00 | NOTE | |||
r-release-macos-x86_64 | 0.3-5 | 175.00 | NOTE | |||
r-release-windows-x86_64 | 0.3-5 | 204.00 | 98.00 | 302.00 | OK | |
r-oldrel-macos-arm64 | 0.3-5 | 22.00 | ERROR | |||
r-oldrel-macos-x86_64 | 0.3-5 | 27.00 | ERROR | |||
r-oldrel-windows-x86_64 | 0.3-5 | 42.00 | 9.00 | 51.00 | ERROR |
Version: 0.3-5
Check: installed package size
Result: NOTE
installed size is 13.3Mb
sub-directories of 1Mb or more:
libs 13.1Mb
Flavors: r-release-macos-arm64, r-release-macos-x86_64
Version: 0.3-5
Check: whether package can be installed
Result: ERROR
Installation failed.
Flavors: r-oldrel-macos-arm64, r-oldrel-macos-x86_64, r-oldrel-windows-x86_64