CRAN Package Check Results for Package Rblpapi

Last updated on 2020-08-07 15:48:53 CEST.

Flavor Version Tinstall Tcheck Ttotal Status Flags
r-devel-linux-x86_64-debian-clang 0.3.10 156.63 29.64 186.27 NOTE
r-devel-linux-x86_64-debian-gcc 0.3.10 113.83 23.35 137.18 NOTE
r-devel-linux-x86_64-fedora-clang 0.3.10 272.49 NOTE
r-devel-linux-x86_64-fedora-gcc 0.3.10 241.26 NOTE
r-devel-windows-ix86+x86_64 0.3.10 376.00 128.00 504.00 NOTE
r-patched-linux-x86_64 0.3.10 115.38 29.59 144.97 NOTE
r-release-linux-x86_64 0.3.10 114.33 29.46 143.79 NOTE
r-release-macos-x86_64 0.3.10 NOTE
r-release-windows-ix86+x86_64 0.3.10 374.00 147.00 521.00 NOTE
r-oldrel-macos-x86_64 0.3.10 NOTE
r-oldrel-windows-ix86+x86_64 0.3.10 268.00 133.00 401.00 NOTE

Check Details

Version: 0.3.10
Check: whether package can be installed
Result: NOTE
    Found the following notes/warnings:
     Non-staged installation was used
Flavors: r-devel-linux-x86_64-debian-clang, r-devel-linux-x86_64-debian-gcc, r-devel-linux-x86_64-fedora-clang, r-devel-linux-x86_64-fedora-gcc, r-devel-windows-ix86+x86_64, r-patched-linux-x86_64, r-release-linux-x86_64, r-release-macos-x86_64, r-release-windows-ix86+x86_64, r-oldrel-macos-x86_64, r-oldrel-windows-ix86+x86_64

Version: 0.3.10
Check: installed package size
Result: NOTE
     installed size is 16.7Mb
     sub-directories of 1Mb or more:
     blp 7.1Mb
     libs 8.6Mb
Flavors: r-devel-linux-x86_64-fedora-clang, r-devel-windows-ix86+x86_64, r-release-macos-x86_64, r-release-windows-ix86+x86_64, r-oldrel-macos-x86_64, r-oldrel-windows-ix86+x86_64

Version: 0.3.10
Check: top-level files
Result: NOTE
    ‘configure’: /bin/bash is not portable
Flavors: r-devel-linux-x86_64-fedora-clang, r-devel-linux-x86_64-fedora-gcc