CRAN Package Check Results for Package Rbgs

Last updated on 2020-08-08 15:46:59 CEST.

Flavor Version Tinstall Tcheck Ttotal Status Flags
r-devel-linux-x86_64-debian-clang 0.2 3.66 35.57 39.23 OK
r-devel-linux-x86_64-debian-gcc 0.2 3.05 27.18 30.23 OK
r-devel-linux-x86_64-fedora-clang 0.2 58.03 OK
r-devel-linux-x86_64-fedora-gcc 0.2 47.91 OK
r-devel-windows-ix86+x86_64 0.2 12.00 76.00 88.00 OK
r-patched-linux-x86_64 0.2 3.61 34.84 38.45 OK
r-patched-solaris-x86 0.2 70.90 OK
r-release-linux-x86_64 0.2 3.43 35.01 38.44 OK
r-release-macos-x86_64 0.2 OK
r-release-windows-ix86+x86_64 0.2 12.00 68.00 80.00 OK
r-oldrel-macos-x86_64 0.2 FAIL
r-oldrel-windows-ix86+x86_64 0.2 7.00 46.00 53.00 OK

Check Details

Version: 0.2
Check: dependencies in R code
Result: FAIL
Flavor: r-oldrel-macos-x86_64