CRAN Package Check Results for Package Raquifer

Last updated on 2024-02-26 04:49:37 CET.

Flavor Version Tinstall Tcheck Ttotal Status Flags
r-devel-linux-x86_64-debian-clang 0.1.0 6.41 64.13 70.54 NOTE
r-devel-linux-x86_64-debian-gcc 0.1.0 5.07 47.50 52.57 NOTE
r-devel-linux-x86_64-fedora-clang 0.1.0 92.31 NOTE
r-devel-linux-x86_64-fedora-gcc 0.1.0 93.37 NOTE
r-devel-windows-x86_64 0.1.0 6.00 65.00 71.00 NOTE
r-patched-linux-x86_64 0.1.0 7.79 60.66 68.45 NOTE
r-release-linux-x86_64 0.1.0 6.72 60.56 67.28 NOTE
r-release-macos-arm64 0.1.0 37.00 NOTE
r-release-macos-x86_64 0.1.0 52.00 NOTE
r-release-windows-x86_64 0.1.0 8.00 75.00 83.00 NOTE
r-oldrel-macos-arm64 0.1.0 34.00 NOTE
r-oldrel-windows-x86_64 0.1.0 9.00 80.00 89.00 NOTE

Check Details

Version: 0.1.0
Check: LazyData
Result: NOTE 'LazyData' is specified without a 'data' directory Flavors: r-devel-linux-x86_64-debian-clang, r-devel-linux-x86_64-debian-gcc, r-devel-linux-x86_64-fedora-clang, r-devel-linux-x86_64-fedora-gcc, r-devel-windows-x86_64, r-patched-linux-x86_64, r-release-linux-x86_64, r-release-macos-arm64, r-release-macos-x86_64, r-release-windows-x86_64, r-oldrel-macos-arm64, r-oldrel-windows-x86_64