CRAN Package Check Results for Package Racmacs

Last updated on 2024-03-02 04:48:31 CET.

Flavor Version Tinstall Tcheck Ttotal Status Flags
r-devel-linux-x86_64-debian-clang 1.2.9 562.37 670.84 1233.21 OK
r-devel-linux-x86_64-debian-gcc 1.2.9 411.97 512.41 924.38 OK
r-devel-linux-x86_64-fedora-clang 1.2.9 1809.87 NOTE
r-devel-linux-x86_64-fedora-gcc 1.2.9 1748.39 OK
r-devel-windows-x86_64 1.2.9 403.00 686.00 1089.00 NOTE
r-patched-linux-x86_64 1.2.9 494.72 672.03 1166.75 OK
r-release-linux-x86_64 1.2.9 380.71 652.68 1033.39 OK
r-release-macos-arm64 1.2.9 422.00 NOTE
r-release-macos-x86_64 1.2.9 333.00 NOTE
r-release-windows-x86_64 1.2.9 516.00 737.00 1253.00 NOTE
r-oldrel-macos-arm64 1.2.9 414.00 NOTE
r-oldrel-windows-x86_64 1.2.9 493.00 749.00 1242.00 NOTE

Check Details

Version: 1.2.9
Check: installed package size
Result: NOTE installed size is 10.8Mb sub-directories of 1Mb or more: doc 5.3Mb htmlwidgets 1.8Mb libs 1.5Mb Flavors: r-devel-linux-x86_64-fedora-clang, r-devel-windows-x86_64, r-release-macos-arm64, r-release-macos-x86_64, r-release-windows-x86_64, r-oldrel-macos-arm64, r-oldrel-windows-x86_64