CRAN Package Check Results for Package RVowpalWabbit

Last updated on 2020-10-25 15:48:57 CET.

Flavor Version Tinstall Tcheck Ttotal Status Flags
r-devel-linux-x86_64-debian-clang 0.0.15 266.07 27.57 293.64 NOTE
r-devel-linux-x86_64-debian-gcc 0.0.15 178.09 21.37 199.46 NOTE
r-devel-linux-x86_64-fedora-clang 0.0.15 438.88 NOTE
r-devel-linux-x86_64-fedora-gcc 0.0.15 366.09 NOTE
r-patched-linux-x86_64 0.0.15 223.53 26.48 250.01 NOTE
r-release-linux-x86_64 0.0.15 223.23 26.58 249.81 NOTE
r-release-macos-x86_64 0.0.15 WARN
r-oldrel-macos-x86_64 0.0.15 ERROR

Additional issues

clang-UBSAN

Check Details

Version: 0.0.15
Check: whether package can be installed
Result: NOTE
    Found the following notes/warnings:
     Non-staged installation was used
Flavors: r-devel-linux-x86_64-debian-clang, r-devel-linux-x86_64-debian-gcc, r-devel-linux-x86_64-fedora-clang, r-devel-linux-x86_64-fedora-gcc, r-patched-linux-x86_64, r-release-linux-x86_64

Version: 0.0.15
Check: installed package size
Result: NOTE
     installed size is 9.7Mb
     sub-directories of 1Mb or more:
     libs 5.1Mb
     test 4.5Mb
Flavors: r-devel-linux-x86_64-fedora-clang, r-release-macos-x86_64

Version: 0.0.15
Check: whether package can be installed
Result: WARN
    Found the following significant warnings:
     parser.cc:302:11: warning: 'daemon' is deprecated: first deprecated in macOS 10.5 - Use posix_spawn APIs instead. [-Wdeprecated-declarations]
    Found the following additional notes/warnings:
     Non-staged installation was used
Flavor: r-release-macos-x86_64

Version: 0.0.15
Check: whether package can be installed
Result: ERROR
    Installation failed.
Flavor: r-oldrel-macos-x86_64