CRAN Package Check Results for Package RUnit

Last updated on 2020-07-06 04:47:56 CEST.

Flavor Version Tinstall Tcheck Ttotal Status Flags
r-devel-linux-x86_64-debian-clang 0.4.32 3.38 33.20 36.58 NOTE
r-devel-linux-x86_64-debian-gcc 0.4.32 2.85 25.96 28.81 NOTE
r-devel-linux-x86_64-fedora-clang 0.4.32 52.97 NOTE
r-devel-linux-x86_64-fedora-gcc 0.4.32 NOTE
r-devel-windows-ix86+x86_64 0.4.32 10.00 76.00 86.00 OK
r-patched-linux-x86_64 0.4.32 3.49 32.76 36.25 NOTE
r-patched-solaris-x86 0.4.32 65.80 NOTE
r-release-linux-x86_64 0.4.32 3.43 32.66 36.09 NOTE
r-release-osx-x86_64 0.4.32 OK
r-release-windows-ix86+x86_64 0.4.32 6.00 54.00 60.00 OK
r-oldrel-osx-x86_64 0.4.32 OK
r-oldrel-windows-ix86+x86_64 0.4.32 6.00 49.00 55.00 OK

Check Details

Version: 0.4.32
Check: for non-standard things in the check directory
Result: NOTE
    Found the following files/directories:
     'results'
Flavors: r-devel-linux-x86_64-debian-clang, r-devel-linux-x86_64-debian-gcc, r-devel-linux-x86_64-fedora-clang, r-devel-linux-x86_64-fedora-gcc, r-patched-linux-x86_64, r-patched-solaris-x86, r-release-linux-x86_64