Last updated on 2023-11-29 04:57:35 CET.
Flavor | Version | Tinstall | Tcheck | Ttotal | Status | Flags |
---|---|---|---|---|---|---|
r-devel-linux-x86_64-debian-clang | 2.3.3 | 169.48 | 85.22 | 254.70 | WARN | |
r-devel-linux-x86_64-debian-gcc | 2.3.3 | 162.77 | 64.56 | 227.33 | WARN | |
r-devel-linux-x86_64-fedora-clang | 2.3.3 | 349.93 | WARN | |||
r-devel-linux-x86_64-fedora-gcc | 2.3.3 | 458.46 | WARN | |||
r-devel-windows-x86_64 | 2.3.3 | 169.00 | 117.00 | 286.00 | WARN | |
r-patched-linux-x86_64 | 2.3.3 | 192.95 | 80.23 | 273.18 | OK | |
r-release-linux-x86_64 | 2.3.3 | 182.22 | 81.12 | 263.34 | OK | |
r-release-macos-arm64 | 2.3.3 | 106.00 | NOTE | |||
r-release-macos-x86_64 | 2.3.3 | 206.00 | NOTE | |||
r-release-windows-x86_64 | 2.3.3 | 215.00 | 138.00 | 353.00 | OK | |
r-oldrel-macos-arm64 | 2.3.3 | 101.00 | NOTE | |||
r-oldrel-macos-x86_64 | 2.3.1 | 134.00 | NOTE | |||
r-oldrel-windows-x86_64 | 2.3.3 | 203.00 | 127.00 | 330.00 | OK |
Version: 2.3.3
Check: whether package can be installed
Result: WARN
Found the following significant warnings:
connection.cpp:62:7: warning: format specifies type 'int' but the argument has type 'long' [-Wformat]
See ‘/home/hornik/tmp/R.check/r-devel-clang/Work/PKGS/RSQLite.Rcheck/00install.out’ for details.
* used C compiler: ‘Debian clang version 17.0.5 (1)’
* used C++ compiler: ‘Debian clang version 17.0.5 (1)’
Flavor: r-devel-linux-x86_64-debian-clang
Version: 2.3.3
Check: whether package can be installed
Result: WARN
Found the following significant warnings:
connection.cpp:61:19: warning: format ‘%i’ expects argument of type ‘int’, but argument 2 has type ‘long int’ [-Wformat=]
See ‘/home/hornik/tmp/R.check/r-devel-gcc/Work/PKGS/RSQLite.Rcheck/00install.out’ for details.
* used C compiler: ‘gcc-13 (Debian 13.2.0-5) 13.2.0’
* used C++ compiler: ‘g++-13 (Debian 13.2.0-5) 13.2.0’
Flavor: r-devel-linux-x86_64-debian-gcc
Version: 2.3.3
Check: whether package can be installed
Result: WARN
Found the following significant warnings:
connection.cpp:62:7: warning: format specifies type 'int' but the argument has type 'long' [-Wformat]
See ‘/data/gannet/ripley/R/packages/tests-clang/RSQLite.Rcheck/00install.out’ for details.
* used C compiler: ‘clang version 17.0.5’
* used C++ compiler: ‘clang version 17.0.5’
Flavor: r-devel-linux-x86_64-fedora-clang
Version: 2.3.3
Check: whether package can be installed
Result: WARN
Found the following significant warnings:
connection.cpp:61:19: warning: format '%i' expects argument of type 'int', but argument 2 has type 'long int' [-Wformat=]
See ‘/data/gannet/ripley/R/packages/tests-devel/RSQLite.Rcheck/00install.out’ for details.
* used C compiler: ‘gcc-13 (GCC) 13.2.0’
* used C++ compiler: ‘g++-13 (GCC) 13.2.0’
Flavor: r-devel-linux-x86_64-fedora-gcc
Version: 2.3.3
Check: whether package can be installed
Result: WARN
Found the following significant warnings:
connection.cpp:61:19: warning: format '%i' expects argument of type 'int', but argument 2 has type 'long int' [-Wformat=]
See 'd:/Rcompile/CRANpkg/local/4.4/RSQLite.Rcheck/00install.out' for details.
* used C compiler: 'gcc.exe (GCC) 12.3.0'
* used C++ compiler: 'g++.exe (GCC) 12.3.0'
Flavor: r-devel-windows-x86_64
Version: 2.3.3
Check: installed package size
Result: NOTE
installed size is 12.1Mb
sub-directories of 1Mb or more:
libs 11.4Mb
Flavors: r-release-macos-arm64, r-release-macos-x86_64, r-oldrel-macos-arm64
Version: 2.3.1
Check: installed package size
Result: NOTE
installed size is 12.2Mb
sub-directories of 1Mb or more:
libs 11.5Mb
Flavor: r-oldrel-macos-x86_64