Last updated on 2023-12-06 16:53:25 CET.
Flavor | Version | Tinstall | Tcheck | Ttotal | Status | Flags |
---|---|---|---|---|---|---|
r-devel-linux-x86_64-debian-clang | 0.4 | 38.08 | 292.03 | 330.11 | OK | |
r-devel-linux-x86_64-debian-gcc | 0.4 | 32.72 | 221.74 | 254.46 | OK | |
r-devel-linux-x86_64-fedora-clang | 0.4 | 413.39 | NOTE | |||
r-devel-linux-x86_64-fedora-gcc | 0.4 | 414.52 | OK | |||
r-devel-windows-x86_64 | 0.4 | 31.00 | 197.00 | 228.00 | OK | |
r-patched-linux-x86_64 | 0.4 | 37.22 | 280.88 | 318.10 | OK | |
r-release-linux-x86_64 | 0.4 | 33.97 | 283.01 | 316.98 | OK | |
r-release-macos-arm64 | 0.4 | 117.00 | OK | |||
r-release-macos-x86_64 | 0.4 | 153.00 | OK | |||
r-release-windows-x86_64 | 0.4 | 42.00 | 253.00 | 295.00 | OK | |
r-oldrel-macos-arm64 | 0.4 | 103.00 | OK | |||
r-oldrel-macos-x86_64 | 0.4 | 150.00 | OK | |||
r-oldrel-windows-x86_64 | 0.4 | 43.00 | 245.00 | 288.00 | OK |
Version: 0.4
Check: package dependencies
Result: NOTE
Imports includes 28 non-default packages.
Importing from so many packages makes the package vulnerable to any of
them becoming unavailable. Move as many as possible to Suggests and
use conditionally.
Flavor: r-devel-linux-x86_64-fedora-clang