CRAN Package Check Results for Package RSNNS

Last updated on 2024-07-21 16:52:21 CEST.

Flavor Version Tinstall Tcheck Ttotal Status Flags
r-devel-linux-x86_64-debian-clang 0.4-17 94.30 58.38 152.68 OK
r-devel-linux-x86_64-debian-gcc 0.4-17 70.37 43.31 113.68 OK
r-devel-linux-x86_64-fedora-clang 0.4-17 294.33 OK
r-devel-linux-x86_64-fedora-gcc 0.4-17 240.10 OK
r-devel-windows-x86_64 0.4-17 97.00 100.00 197.00 OK
r-patched-linux-x86_64 0.4-17 91.28 55.68 146.96 OK
r-release-linux-x86_64 0.4-17 89.12 54.79 143.91 OK
r-release-macos-arm64 0.4-17 54.00 NOTE
r-release-macos-x86_64 0.4-17 66.00 NOTE
r-release-windows-x86_64 0.4-17 104.00 101.00 205.00 OK
r-oldrel-macos-arm64 0.4-17 75.00 NOTE
r-oldrel-macos-x86_64 0.4-17 95.00 NOTE
r-oldrel-windows-x86_64 0.4-17 98.00 113.00 211.00 OK

Check Details

Version: 0.4-17
Check: installed package size
Result: NOTE installed size is 7.2Mb sub-directories of 1Mb or more: libs 6.2Mb Flavors: r-release-macos-arm64, r-release-macos-x86_64, r-oldrel-macos-arm64, r-oldrel-macos-x86_64