Last updated on 2023-09-30 16:57:08 CEST.
Flavor | Version | Tinstall | Tcheck | Ttotal | Status | Flags |
---|---|---|---|---|---|---|
r-devel-linux-x86_64-debian-clang | 0.4-16 | 96.76 | 56.79 | 153.55 | OK | |
r-devel-linux-x86_64-debian-gcc | 0.4-16 | 74.40 | 43.29 | 117.69 | OK | |
r-devel-linux-x86_64-fedora-clang | 0.4-16 | 263.00 | OK | |||
r-devel-linux-x86_64-fedora-gcc | 0.4-16 | 229.96 | OK | |||
r-devel-windows-x86_64 | 0.4-16 | 93.00 | 101.00 | 194.00 | OK | |
r-patched-linux-x86_64 | 0.4-16 | 101.79 | 56.36 | 158.15 | OK | |
r-release-linux-x86_64 | 0.4-16 | 103.04 | 56.63 | 159.67 | OK | |
r-release-macos-arm64 | 0.4-16 | 65.00 | NOTE | |||
r-release-macos-x86_64 | 0.4-16 | 100.00 | NOTE | |||
r-release-windows-x86_64 | 0.4-16 | 96.00 | 114.00 | 210.00 | OK | |
r-oldrel-macos-arm64 | 0.4-16 | 64.00 | NOTE | |||
r-oldrel-macos-x86_64 | 0.4-16 | 80.00 | NOTE | |||
r-oldrel-windows-x86_64 | 0.4-16 | 128.00 | 98.00 | 226.00 | OK |
Version: 0.4-16
Check: installed package size
Result: NOTE
installed size is 7.3Mb
sub-directories of 1Mb or more:
libs 6.3Mb
Flavors: r-release-macos-arm64, r-release-macos-x86_64, r-oldrel-macos-arm64, r-oldrel-macos-x86_64