Last updated on 2023-12-08 16:54:21 CET.
Flavor | Version | Tinstall | Tcheck | Ttotal | Status | Flags |
---|---|---|---|---|---|---|
r-devel-linux-x86_64-debian-clang | 2.4.2 | 6.69 | 43.52 | 50.21 | OK | |
r-devel-linux-x86_64-debian-gcc | 2.4.2 | 5.27 | 34.13 | 39.40 | OK | |
r-devel-linux-x86_64-fedora-clang | 2.4.2 | 62.35 | NOTE | |||
r-devel-linux-x86_64-fedora-gcc | 2.4.2 | 60.48 | NOTE | |||
r-devel-windows-x86_64 | 2.4.2 | 8.00 | 56.00 | 64.00 | OK | |
r-patched-linux-x86_64 | 2.4.2 | 6.36 | 43.63 | 49.99 | OK | |
r-release-linux-x86_64 | 2.4.2 | 5.70 | 42.80 | 48.50 | OK | |
r-release-macos-arm64 | 2.4.2 | 22.00 | OK | |||
r-release-macos-x86_64 | 2.4.2 | 40.00 | OK | |||
r-release-windows-x86_64 | 2.4.2 | 10.00 | 61.00 | 71.00 | OK | |
r-oldrel-macos-arm64 | 2.4.2 | 23.00 | OK | |||
r-oldrel-macos-x86_64 | 2.4.2 | 33.00 | OK | |||
r-oldrel-windows-x86_64 | 2.4.2 | 9.00 | 65.00 | 74.00 | OK |
Version: 2.4.2
Check: compiled code
Result: NOTE
File ‘RSKC/libs/RSKC.so’:
Found no calls to: ‘R_registerRoutines’, ‘R_useDynamicSymbols’
It is good practice to register native routines and to disable symbol
search.
See ‘Writing portable packages’ in the ‘Writing R Extensions’ manual.
Flavors: r-devel-linux-x86_64-fedora-clang, r-devel-linux-x86_64-fedora-gcc