CRAN Package Check Results for Package RSDA

Last updated on 2020-08-10 06:47:40 CEST.

Flavor Version Tinstall Tcheck Ttotal Status Flags
r-devel-linux-x86_64-debian-clang 3.0.4 17.75 242.80 260.55 OK
r-devel-linux-x86_64-debian-gcc 3.0.4 17.19 178.33 195.52 OK
r-devel-linux-x86_64-fedora-clang 3.0.4 312.21 NOTE
r-devel-linux-x86_64-fedora-gcc 3.0.4 304.73 NOTE
r-devel-windows-ix86+x86_64 3.0.4 46.00 339.00 385.00 OK
r-patched-linux-x86_64 3.0.4 14.60 234.50 249.10 OK
r-patched-solaris-x86 3.0.4 420.00 NOTE
r-release-linux-x86_64 3.0.4 18.72 234.37 253.09 OK
r-release-macos-x86_64 3.0.4 NOTE
r-release-windows-ix86+x86_64 3.0.4 54.00 329.00 383.00 OK
r-oldrel-macos-x86_64 3.0.4 NOTE
r-oldrel-windows-ix86+x86_64 3.0.4 34.00 224.00 258.00 OK

Check Details

Version: 3.0.4
Check: package dependencies
Result: NOTE
    Imports includes 22 non-default packages.
    Importing from so many packages makes the package vulnerable to any of
    them becoming unavailable. Move as many as possible to Suggests and
    use conditionally.
Flavor: r-devel-linux-x86_64-fedora-clang

Version: 3.0.4
Check: dependencies in R code
Result: NOTE
    Namespace in Imports field not imported from: ‘labelled’
     All declared Imports should be used.
Flavors: r-devel-linux-x86_64-fedora-clang, r-devel-linux-x86_64-fedora-gcc, r-patched-solaris-x86, r-release-macos-x86_64, r-oldrel-macos-x86_64