CRAN Package Check Results for Package RQEntangle

Last updated on 2023-06-10 04:55:57 CEST.

Flavor Version Tinstall Tcheck Ttotal Status Flags
r-devel-linux-x86_64-debian-clang 0.1.3 2.33 45.76 48.09 NOTE
r-devel-linux-x86_64-debian-gcc 0.1.3 1.77 34.77 36.54 NOTE
r-devel-linux-x86_64-fedora-clang 0.1.3 60.25 NOTE
r-devel-linux-x86_64-fedora-gcc 0.1.3 68.61 NOTE
r-devel-windows-x86_64 0.1.3 6.00 59.00 65.00 NOTE
r-patched-linux-x86_64 0.1.3 2.42 42.61 45.03 NOTE
r-release-linux-x86_64 0.1.3 2.43 43.00 45.43 NOTE
r-release-macos-arm64 0.1.3 29.00 NOTE
r-release-macos-x86_64 0.1.3 39.00 NOTE
r-release-windows-x86_64 0.1.3 3.00 63.00 66.00 NOTE
r-oldrel-macos-arm64 0.1.3 27.00 NOTE
r-oldrel-macos-x86_64 0.1.3 31.00 NOTE
r-oldrel-windows-x86_64 0.1.3 5.00 66.00 71.00 NOTE

Check Details

Version: 0.1.3
Check: LazyData
Result: NOTE
     'LazyData' is specified without a 'data' directory
Flavors: r-devel-linux-x86_64-debian-clang, r-devel-linux-x86_64-debian-gcc, r-devel-linux-x86_64-fedora-clang, r-devel-linux-x86_64-fedora-gcc, r-devel-windows-x86_64, r-patched-linux-x86_64, r-release-linux-x86_64, r-release-macos-arm64, r-release-macos-x86_64, r-release-windows-x86_64, r-oldrel-macos-arm64, r-oldrel-macos-x86_64, r-oldrel-windows-x86_64