CRAN Package Check Results for Package RPS

Last updated on 2020-08-15 03:48:18 CEST.

Flavor Version Tinstall Tcheck Ttotal Status Flags
r-devel-linux-x86_64-debian-clang 1.0.1 9.47 105.99 115.46 OK
r-devel-linux-x86_64-debian-gcc 1.0.1 7.35 75.57 82.92 OK
r-devel-linux-x86_64-fedora-clang 1.0.1 138.45 NOTE
r-devel-linux-x86_64-fedora-gcc 1.0.1 131.67 NOTE
r-devel-windows-ix86+x86_64 1.0.1 25.00 138.00 163.00 OK
r-patched-linux-x86_64 1.0.1 8.66 101.44 110.10 OK
r-patched-solaris-x86 1.0.1 177.30 NOTE
r-release-linux-x86_64 1.0.1 9.85 100.20 110.05 OK
r-release-macos-x86_64 1.0.1 NOTE
r-release-windows-ix86+x86_64 1.0.1 23.00 105.00 128.00 OK
r-oldrel-macos-x86_64 1.0.1 NOTE
r-oldrel-windows-ix86+x86_64 1.0.1 14.00 94.00 108.00 OK

Check Details

Version: 1.0.1
Check: dependencies in R code
Result: NOTE
    Namespaces in Imports field not imported from:
     ‘ape’ ‘igraph’
     All declared Imports should be used.
Flavors: r-devel-linux-x86_64-fedora-clang, r-devel-linux-x86_64-fedora-gcc, r-patched-solaris-x86, r-release-macos-x86_64, r-oldrel-macos-x86_64