CRAN Package Check Results for Package RMKL

Last updated on 2020-10-25 15:48:56 CET.

Flavor Version Tinstall Tcheck Ttotal Status Flags
r-devel-linux-x86_64-debian-clang 1.0 53.55 51.32 104.87 OK
r-devel-linux-x86_64-debian-gcc 1.0 39.24 39.45 78.69 OK
r-devel-linux-x86_64-fedora-clang 1.0 147.71 NOTE
r-devel-linux-x86_64-fedora-gcc 1.0 137.62 NOTE
r-devel-windows-ix86+x86_64 1.0 112.00 118.00 230.00 OK
r-patched-linux-x86_64 1.0 50.39 48.99 99.38 OK
r-patched-solaris-x86 1.0 154.30 NOTE
r-release-linux-x86_64 1.0 53.44 48.92 102.36 OK
r-release-macos-x86_64 1.0 NOTE
r-release-windows-ix86+x86_64 1.0 83.00 101.00 184.00 OK
r-oldrel-macos-x86_64 1.0 NOTE
r-oldrel-windows-ix86+x86_64 1.0 97.00 115.00 212.00 OK

Additional issues

valgrind

Check Details

Version: 1.0
Check: dependencies in R code
Result: NOTE
    Namespace in Imports field not imported from: ‘e1071’
     All declared Imports should be used.
Flavors: r-devel-linux-x86_64-fedora-clang, r-devel-linux-x86_64-fedora-gcc, r-patched-solaris-x86, r-release-macos-x86_64, r-oldrel-macos-x86_64

Version: 1.0
Check: installed package size
Result: NOTE
     installed size is 5.0Mb
     sub-directories of 1Mb or more:
     libs 4.9Mb
Flavor: r-release-macos-x86_64