Last updated on 2023-12-03 16:51:53 CET.
Flavor | Version | Tinstall | Tcheck | Ttotal | Status | Flags |
---|---|---|---|---|---|---|
r-devel-linux-x86_64-debian-clang | 3.1-8 | 25.04 | 77.80 | 102.84 | NOTE | |
r-devel-linux-x86_64-debian-gcc | 3.1-8 | 18.93 | 59.05 | 77.98 | NOTE | |
r-devel-linux-x86_64-fedora-clang | 3.1-8 | 136.57 | NOTE | |||
r-devel-linux-x86_64-fedora-gcc | 3.1-8 | 127.62 | NOTE | |||
r-devel-windows-x86_64 | 3.1-8 | 23.00 | 94.00 | 117.00 | NOTE | |
r-patched-linux-x86_64 | 3.1-8 | 17.35 | 76.66 | 94.01 | NOTE | |
r-release-linux-x86_64 | 3.1-8 | 17.41 | 74.33 | 91.74 | NOTE | |
r-release-macos-arm64 | 3.1-8 | 49.00 | NOTE | |||
r-release-macos-x86_64 | 3.1-8 | 68.00 | NOTE | |||
r-release-windows-x86_64 | 3.1-8 | 29.00 | 106.00 | 135.00 | NOTE | |
r-oldrel-macos-arm64 | 3.1-8 | 40.00 | OK | |||
r-oldrel-macos-x86_64 | 3.1-8 | 65.00 | OK | |||
r-oldrel-windows-x86_64 | 3.1-8 | 29.00 | 104.00 | 133.00 | OK |
Version: 3.1-8
Check: C++ specification
Result: NOTE
Specified C++11: please drop specification unless essential
Flavors: r-devel-linux-x86_64-debian-clang, r-devel-linux-x86_64-debian-gcc, r-devel-linux-x86_64-fedora-clang, r-devel-linux-x86_64-fedora-gcc, r-devel-windows-x86_64, r-patched-linux-x86_64, r-release-linux-x86_64, r-release-macos-arm64, r-release-macos-x86_64, r-release-windows-x86_64