Last updated on 2023-12-02 16:49:26 CET.
Flavor | Version | Tinstall | Tcheck | Ttotal | Status | Flags |
---|---|---|---|---|---|---|
r-devel-linux-x86_64-debian-clang | 1.1 | 240.95 | 34.80 | 275.75 | OK | |
r-devel-linux-x86_64-debian-gcc | 1.1 | 173.07 | 31.03 | 204.10 | OK | |
r-devel-linux-x86_64-fedora-clang | 1.1 | 374.04 | OK | |||
r-devel-linux-x86_64-fedora-gcc | 1.1 | 415.45 | OK | |||
r-devel-windows-x86_64 | 1.1 | 168.00 | 86.00 | 254.00 | OK | |
r-patched-linux-x86_64 | 1.1 | 192.61 | 39.79 | 232.40 | OK | |
r-release-linux-x86_64 | 1.1 | 203.81 | 39.32 | 243.13 | OK | |
r-release-macos-arm64 | 1.1 | 99.00 | NOTE | |||
r-release-macos-x86_64 | 1.1 | 154.00 | NOTE | |||
r-release-windows-x86_64 | 1.1 | 227.00 | 94.00 | 321.00 | OK | |
r-oldrel-macos-arm64 | 1.1 | 82.00 | NOTE | |||
r-oldrel-macos-x86_64 | 1.1 | 110.00 | NOTE | |||
r-oldrel-windows-x86_64 | 1.1 | 198.00 | 88.00 | 286.00 | OK |
Version: 1.1
Check: installed package size
Result: NOTE
installed size is 19.9Mb
sub-directories of 1Mb or more:
libs 19.7Mb
Flavors: r-release-macos-arm64, r-release-macos-x86_64, r-oldrel-macos-arm64, r-oldrel-macos-x86_64