CRAN Package Check Results for Package RKEELdata

Last updated on 2024-04-12 05:12:04 CEST.

Flavor Version Tinstall Tcheck Ttotal Status Flags
r-devel-linux-x86_64-debian-clang 1.0.5 3.38 19.42 22.80 OK
r-devel-linux-x86_64-debian-gcc 1.0.5 2.27 15.60 17.87 OK
r-devel-linux-x86_64-fedora-clang 1.0.5 27.61 NOTE
r-devel-linux-x86_64-fedora-gcc 1.0.5 26.44 OK
r-devel-windows-x86_64 1.0.5 7.00 33.00 40.00 NOTE
r-patched-linux-x86_64 1.0.5 2.16 18.99 21.15 OK
r-release-linux-x86_64 1.0.5 2.85 19.16 22.01 OK
r-release-macos-arm64 1.0.5 13.00 NOTE
r-release-macos-x86_64 1.0.5 17.00 NOTE
r-release-windows-x86_64 1.0.5 9.00 33.00 42.00 NOTE
r-oldrel-macos-arm64 1.0.5 15.00 NOTE
r-oldrel-windows-x86_64 1.0.5 12.00 42.00 54.00 NOTE

Check Details

Version: 1.0.5
Check: installed package size
Result: NOTE installed size is 10.3Mb sub-directories of 1Mb or more: datasets 10.2Mb Flavors: r-devel-linux-x86_64-fedora-clang, r-devel-windows-x86_64, r-release-macos-arm64, r-release-macos-x86_64, r-release-windows-x86_64, r-oldrel-macos-arm64, r-oldrel-windows-x86_64