CRAN Package Check Results for Package RGremlinsConjoint

Last updated on 2024-02-23 16:53:28 CET.

Flavor Version Tinstall Tcheck Ttotal Status Flags
r-devel-linux-x86_64-debian-clang 0.9.1 NOTE
r-devel-linux-x86_64-debian-gcc 0.9.1 2.97 33.62 36.59 NOTE
r-devel-linux-x86_64-fedora-clang 0.9.1 61.07 NOTE
r-devel-linux-x86_64-fedora-gcc 0.9.1 71.40 NOTE
r-devel-windows-x86_64 0.9.1 4.00 60.00 64.00 OK
r-patched-linux-x86_64 0.9.1 4.19 42.83 47.02 OK
r-release-linux-x86_64 0.9.1 3.39 42.59 45.98 OK
r-release-macos-arm64 0.9.1 38.00 OK
r-release-macos-x86_64 0.9.1 75.00 OK
r-release-windows-x86_64 0.9.1 6.00 63.00 69.00 OK
r-oldrel-macos-arm64 0.9.1 34.00 OK
r-oldrel-windows-x86_64 0.9.1 6.00 63.00 69.00 OK

Check Details

Version: 0.9.1
Check: Rd files
Result: NOTE checkRd: (-1) code_sawtooth_design.Rd:53: Lost braces 53 | /url{http://www.sawtoothsoftware.com/help/lighthouse-studio/manual/index.html?hid_web_cbc_exporting.html} | ^ Flavors: r-devel-linux-x86_64-debian-clang, r-devel-linux-x86_64-debian-gcc, r-devel-linux-x86_64-fedora-clang, r-devel-linux-x86_64-fedora-gcc