Last updated on 2023-12-04 05:09:18 CET.
Flavor | Version | Tinstall | Tcheck | Ttotal | Status | Flags |
---|---|---|---|---|---|---|
r-devel-linux-x86_64-debian-clang | 2.4.9 | 38.32 | 298.67 | 336.99 | NOTE | |
r-devel-linux-x86_64-debian-gcc | 2.4.9 | 27.58 | 223.45 | 251.03 | NOTE | |
r-devel-linux-x86_64-fedora-clang | 2.4.9 | 420.39 | OK | |||
r-devel-linux-x86_64-fedora-gcc | 2.4.9 | 423.71 | OK | |||
r-devel-windows-x86_64 | 2.4.9 | 32.00 | 289.00 | 321.00 | OK | |
r-patched-linux-x86_64 | 2.4.9 | 34.08 | 289.34 | 323.42 | OK | |
r-release-linux-x86_64 | 2.4.9 | 26.72 | 291.96 | 318.68 | OK | |
r-release-macos-arm64 | 2.4.9 | 112.00 | OK | |||
r-release-macos-x86_64 | 2.4.9 | 189.00 | OK | |||
r-release-windows-x86_64 | 2.4.9 | 42.00 | 352.00 | 394.00 | OK | |
r-oldrel-macos-arm64 | 2.4.9 | 108.00 | OK | |||
r-oldrel-macos-x86_64 | 2.4.9 | 158.00 | OK | |||
r-oldrel-windows-x86_64 | 2.4.9 | 41.00 | 355.00 | 396.00 | OK |
Version: 2.4.9
Check: Rd files
Result: NOTE
checkRd: (-1) REndo.Rd:19: Lost braces in \itemize; meant \describe ?
checkRd: (-1) REndo.Rd:20: Lost braces in \itemize; meant \describe ?
checkRd: (-1) REndo.Rd:21: Lost braces in \itemize; meant \describe ?
checkRd: (-1) REndo.Rd:22: Lost braces in \itemize; meant \describe ?
checkRd: (-1) REndo.Rd:23: Lost braces in \itemize; meant \describe ?
Flavors: r-devel-linux-x86_64-debian-clang, r-devel-linux-x86_64-debian-gcc