CRAN Package Check Results for Package RESI

Last updated on 2024-02-25 04:51:16 CET.

Flavor Version Tinstall Tcheck Ttotal Status Flags
r-devel-linux-x86_64-debian-clang 1.2.4 9.51 402.73 412.24 OK
r-devel-linux-x86_64-debian-gcc 1.2.4 6.58 305.02 311.60 OK
r-devel-linux-x86_64-fedora-clang 1.2.4 489.31 OK
r-devel-linux-x86_64-fedora-gcc 1.2.4 496.99 OK
r-devel-windows-x86_64 1.2.4 10.00 343.00 353.00 ERROR
r-patched-linux-x86_64 1.2.4 15.59 382.74 398.33 OK
r-release-linux-x86_64 1.2.4 7.42 382.31 389.73 OK
r-release-macos-arm64 1.2.4 130.00 OK
r-release-macos-x86_64 1.2.4 246.00 OK
r-release-windows-x86_64 1.2.4 12.00 442.00 454.00 OK
r-oldrel-macos-arm64 1.2.4 135.00 OK
r-oldrel-windows-x86_64 1.2.4 12.00 457.00 469.00 OK

Check Details

Version: 1.2.4
Check: tests
Result: ERROR Running 'testthat.R' [247s] Running the tests in 'tests/testthat.R' failed. Complete output: > # This file is part of the standard setup for testthat. > # It is recommended that you do not modify it. > # > # Where should you do additional test configuration? > # Learn more about the roles of various files in: > # * https://r-pkgs.org/tests.html > # * https://testthat.r-lib.org/reference/test_package.html#special-files > > library(testthat) > library(RESI) > > test_check("RESI") Loading required package: carData Loading required namespace: splines Loading required namespace: survival Loading required namespace: pscl Loading required namespace: gee Beginning Cgee S-function, @(#) geeformula.q 4.13 98/01/27 running glm to get initial regression estimate (Intercept) diagnosesevere drugstandard time -0.08759224 -1.31391092 0.05960381 1.49985707 drugstandard:time -1.01744498 Beginning Cgee S-function, @(#) geeformula.q 4.13 98/01/27 running glm to get initial regression estimate (Intercept) 0.0902573 Loading required namespace: geepack Loading required namespace: lme4 boundary (singular) fit: see help('isSingular') Beginning Cgee S-function, @(#) geeformula.q 4.13 98/01/27 running glm to get initial regression estimate (Intercept) diagnosesevere drugstandard time -0.08759224 -1.31391092 0.05960381 1.49985707 drugstandard:time -1.01744498 Updating model fit failed. Try running with providing data argument Updating model fit failed. Try running with providing data argument [ FAIL 1 | WARN 0 | SKIP 0 | PASS 79 ] ══ Failed tests ════════════════════════════════════════════════════════════════ ── Failure ('test-resi.R:242:3'): RESI estimates are in between the confidence limits ── ... & ... is not TRUE `actual`: FALSE `expected`: TRUE [ FAIL 1 | WARN 0 | SKIP 0 | PASS 79 ] Error: Test failures Execution halted Flavor: r-devel-windows-x86_64