Last updated on 2023-11-30 16:49:34 CET.
Flavor | Version | Tinstall | Tcheck | Ttotal | Status | Flags |
---|---|---|---|---|---|---|
r-devel-linux-x86_64-debian-clang | 1.0 | 35.02 | 67.82 | 102.84 | NOTE | |
r-devel-linux-x86_64-debian-gcc | 1.0 | 29.63 | 49.56 | 79.19 | NOTE | |
r-devel-linux-x86_64-fedora-clang | 1.0 | 142.26 | NOTE | |||
r-devel-linux-x86_64-fedora-gcc | 1.0 | 129.53 | NOTE | |||
r-devel-windows-x86_64 | 1.0 | 29.00 | 76.00 | 105.00 | NOTE | |
r-patched-linux-x86_64 | 1.0 | 29.66 | 63.65 | 93.31 | NOTE | |
r-release-linux-x86_64 | 1.0 | 31.64 | 64.05 | 95.69 | NOTE | |
r-release-macos-arm64 | 1.0 | 39.00 | NOTE | |||
r-release-macos-x86_64 | 1.0 | 67.00 | NOTE | |||
r-release-windows-x86_64 | 1.0 | 41.00 | 86.00 | 127.00 | NOTE | |
r-oldrel-macos-arm64 | 1.0 | 35.00 | NOTE | |||
r-oldrel-macos-x86_64 | 1.0 | 64.00 | NOTE | |||
r-oldrel-windows-x86_64 | 1.0 | 41.00 | 83.00 | 124.00 | NOTE |
Version: 1.0
Check: LazyData
Result: NOTE
'LazyData' is specified without a 'data' directory
Flavors: r-devel-linux-x86_64-debian-clang, r-devel-linux-x86_64-debian-gcc, r-devel-linux-x86_64-fedora-clang, r-devel-linux-x86_64-fedora-gcc, r-devel-windows-x86_64, r-patched-linux-x86_64, r-release-linux-x86_64, r-release-macos-arm64, r-release-macos-x86_64, r-release-windows-x86_64, r-oldrel-macos-arm64, r-oldrel-macos-x86_64, r-oldrel-windows-x86_64