Last updated on 2023-12-10 04:56:09 CET.
Flavor | Version | Tinstall | Tcheck | Ttotal | Status | Flags |
---|---|---|---|---|---|---|
r-devel-linux-x86_64-debian-clang | 0.6.8 | 113.29 | 69.37 | 182.66 | WARN | |
r-devel-linux-x86_64-debian-gcc | 0.6.8 | 96.49 | 51.29 | 147.78 | OK | |
r-devel-linux-x86_64-fedora-clang | 0.6.8 | 291.89 | WARN | |||
r-devel-linux-x86_64-fedora-gcc | 0.6.8 | 278.66 | OK | |||
r-devel-windows-x86_64 | 0.6.8 | 112.00 | 100.00 | 212.00 | OK | |
r-patched-linux-x86_64 | 0.6.8 | 107.78 | 65.36 | 173.14 | OK | |
r-release-linux-x86_64 | 0.6.8 | 87.72 | 65.06 | 152.78 | OK | |
r-release-macos-arm64 | 0.6.8 | 69.00 | NOTE | |||
r-release-macos-x86_64 | 0.6.8 | 85.00 | NOTE | |||
r-release-windows-x86_64 | 0.6.8 | 147.00 | 108.00 | 255.00 | OK | |
r-oldrel-macos-arm64 | 0.6.8 | 82.00 | NOTE | |||
r-oldrel-macos-x86_64 | 0.6.8 | 97.00 | NOTE | |||
r-oldrel-windows-x86_64 | 0.6.8 | 133.00 | 110.00 | 243.00 | OK |
Version: 0.6.8
Check: whether package can be installed
Result: WARN
Found the following significant warnings:
RcppExports.cpp:46:18: warning: format string is not a string literal (potentially insecure) [-Wformat-security]
RcppExports.cpp:79:18: warning: format string is not a string literal (potentially insecure) [-Wformat-security]
RcppExports.cpp:113:18: warning: format string is not a string literal (potentially insecure) [-Wformat-security]
RcppExports.cpp:147:18: warning: format string is not a string literal (potentially insecure) [-Wformat-security]
RcppExports.cpp:181:18: warning: format string is not a string literal (potentially insecure) [-Wformat-security]
RcppExports.cpp:215:18: warning: format string is not a string literal (potentially insecure) [-Wformat-security]
RcppExports.cpp:249:18: warning: format string is not a string literal (potentially insecure) [-Wformat-security]
RcppExports.cpp:288:18: warning: format string is not a string literal (potentially insecure) [-Wformat-security]
RcppExports.cpp:321:18: warning: format string is not a string literal (potentially insecure) [-Wformat-security]
RcppExports.cpp:356:18: warning: format string is not a string literal (potentially insecure) [-Wformat-security]
RcppExports.cpp:391:18: warning: format string is not a string literal (potentially insecure) [-Wformat-security]
RcppExports.cpp:425:18: warning: format string is not a string literal (potentially insecure) [-Wformat-security]
See ‘/home/hornik/tmp/R.check/r-devel-clang/Work/PKGS/RClickhouse.Rcheck/00install.out’ for details.
* used C compiler: ‘Debian clang version 17.0.5 (1)’
* used C++ compiler: ‘Debian clang version 17.0.5 (1)’
Flavor: r-devel-linux-x86_64-debian-clang
Version: 0.6.8
Check: whether package can be installed
Result: WARN
Found the following significant warnings:
RcppExports.cpp:46:18: warning: format string is not a string literal (potentially insecure) [-Wformat-security]
RcppExports.cpp:79:18: warning: format string is not a string literal (potentially insecure) [-Wformat-security]
RcppExports.cpp:113:18: warning: format string is not a string literal (potentially insecure) [-Wformat-security]
RcppExports.cpp:147:18: warning: format string is not a string literal (potentially insecure) [-Wformat-security]
RcppExports.cpp:181:18: warning: format string is not a string literal (potentially insecure) [-Wformat-security]
RcppExports.cpp:215:18: warning: format string is not a string literal (potentially insecure) [-Wformat-security]
RcppExports.cpp:249:18: warning: format string is not a string literal (potentially insecure) [-Wformat-security]
RcppExports.cpp:288:18: warning: format string is not a string literal (potentially insecure) [-Wformat-security]
RcppExports.cpp:321:18: warning: format string is not a string literal (potentially insecure) [-Wformat-security]
RcppExports.cpp:356:18: warning: format string is not a string literal (potentially insecure) [-Wformat-security]
RcppExports.cpp:391:18: warning: format string is not a string literal (potentially insecure) [-Wformat-security]
RcppExports.cpp:425:18: warning: format string is not a string literal (potentially insecure) [-Wformat-security]
See ‘/data/gannet/ripley/R/packages/tests-clang/RClickhouse.Rcheck/00install.out’ for details.
* used C compiler: ‘clang version 17.0.5’
* used C++ compiler: ‘clang version 17.0.5’
Flavor: r-devel-linux-x86_64-fedora-clang
Version: 0.6.8
Check: installed package size
Result: NOTE
installed size is 13.4Mb
sub-directories of 1Mb or more:
libs 13.1Mb
Flavors: r-release-macos-arm64, r-release-macos-x86_64, r-oldrel-macos-arm64, r-oldrel-macos-x86_64