Last updated on 2023-12-06 16:53:22 CET.
Flavor | Version | Tinstall | Tcheck | Ttotal | Status | Flags |
---|---|---|---|---|---|---|
r-devel-linux-x86_64-debian-clang | 0.1.33 | 110.42 | 232.81 | 343.23 | NOTE | |
r-devel-linux-x86_64-debian-gcc | 0.1.33 | 83.38 | 174.21 | 257.59 | NOTE | |
r-devel-linux-x86_64-fedora-clang | 0.1.33 | 419.97 | OK | |||
r-devel-linux-x86_64-fedora-gcc | 0.1.33 | 448.19 | OK | |||
r-devel-windows-x86_64 | 0.1.33 | 76.00 | 200.00 | 276.00 | OK | |
r-patched-linux-x86_64 | 0.1.33 | 69.43 | 221.62 | 291.05 | OK | |
r-release-linux-x86_64 | 0.1.33 | 79.13 | 224.69 | 303.82 | OK | |
r-release-macos-arm64 | 0.1.33 | 142.00 | NOTE | |||
r-release-macos-x86_64 | 0.1.33 | 233.00 | NOTE | |||
r-release-windows-x86_64 | 0.1.33 | 96.00 | 254.00 | 350.00 | OK | |
r-oldrel-macos-arm64 | 0.1.33 | 150.00 | NOTE | |||
r-oldrel-macos-x86_64 | 0.1.33 | 149.00 | NOTE | |||
r-oldrel-windows-x86_64 | 0.1.33 | 91.00 | 230.00 | 321.00 | OK |
Version: 0.1.33
Check: Rd files
Result: NOTE
checkRd: (-1) RGWAS.epistasis.Rd:46: Lost braces; missing escapes or markup?
46 | Columns 4 and higher contain the marker scores for each line, coded as {-1, 0, 1} = {aa, Aa, AA}.}
| ^
checkRd: (-1) RGWAS.epistasis.Rd:46: Lost braces; missing escapes or markup?
46 | Columns 4 and higher contain the marker scores for each line, coded as {-1, 0, 1} = {aa, Aa, AA}.}
| ^
checkRd: (-1) RGWAS.multisnp.Rd:59: Lost braces; missing escapes or markup?
59 | Columns 4 and higher contain the marker scores for each line, coded as {-1, 0, 1} = {aa, Aa, AA}.}
| ^
checkRd: (-1) RGWAS.multisnp.Rd:59: Lost braces; missing escapes or markup?
59 | Columns 4 and higher contain the marker scores for each line, coded as {-1, 0, 1} = {aa, Aa, AA}.}
| ^
checkRd: (-1) RGWAS.multisnp.interaction.Rd:62: Lost braces; missing escapes or markup?
62 | Columns 4 and higher contain the marker scores for each line, coded as {-1, 0, 1} = {aa, Aa, AA}.}
| ^
checkRd: (-1) RGWAS.multisnp.interaction.Rd:62: Lost braces; missing escapes or markup?
62 | Columns 4 and higher contain the marker scores for each line, coded as {-1, 0, 1} = {aa, Aa, AA}.}
| ^
checkRd: (-1) RGWAS.normal.Rd:47: Lost braces; missing escapes or markup?
47 | Columns 4 and higher contain the marker scores for each line, coded as {-1, 0, 1} = {aa, Aa, AA}.}
| ^
checkRd: (-1) RGWAS.normal.Rd:47: Lost braces; missing escapes or markup?
47 | Columns 4 and higher contain the marker scores for each line, coded as {-1, 0, 1} = {aa, Aa, AA}.}
| ^
checkRd: (-1) RGWAS.normal.interaction.Rd:55: Lost braces; missing escapes or markup?
55 | Columns 4 and higher contain the marker scores for each line, coded as {-1, 0, 1} = {aa, Aa, AA}.}
| ^
checkRd: (-1) RGWAS.normal.interaction.Rd:55: Lost braces; missing escapes or markup?
55 | Columns 4 and higher contain the marker scores for each line, coded as {-1, 0, 1} = {aa, Aa, AA}.}
| ^
checkRd: (-1) RGWAS.twostep.Rd:71: Lost braces; missing escapes or markup?
71 | Columns 4 and higher contain the marker scores for each line, coded as {-1, 0, 1} = {aa, Aa, AA}.}
| ^
checkRd: (-1) RGWAS.twostep.Rd:71: Lost braces; missing escapes or markup?
71 | Columns 4 and higher contain the marker scores for each line, coded as {-1, 0, 1} = {aa, Aa, AA}.}
| ^
checkRd: (-1) RGWAS.twostep.epi.Rd:63: Lost braces; missing escapes or markup?
63 | Columns 4 and higher contain the marker scores for each line, coded as {-1, 0, 1} = {aa, Aa, AA}.}
| ^
checkRd: (-1) RGWAS.twostep.epi.Rd:63: Lost braces; missing escapes or markup?
63 | Columns 4 and higher contain the marker scores for each line, coded as {-1, 0, 1} = {aa, Aa, AA}.}
| ^
checkRd: (-1) Rice_geno_score.Rd:17: Lost braces; missing escapes or markup?
17 | A dataset containing the information of marker genotype (scored with {-1, 0, 1})
| ^
checkRd: (-1) SS_gwas.Rd:28: Lost braces; missing escapes or markup?
28 | \item{x}{A N (lines) x M (markers) marker genotype data (matrix), coded as {-1, 0, 1} = {aa, Aa, AA}.}
| ^
checkRd: (-1) SS_gwas.Rd:28: Lost braces; missing escapes or markup?
28 | \item{x}{A N (lines) x M (markers) marker genotype data (matrix), coded as {-1, 0, 1} = {aa, Aa, AA}.}
| ^
checkRd: (-1) estNetwork.Rd:86: Lost braces; missing escapes or markup?
86 | Columns 4 and higher contain the marker scores for each line, coded as {-1, 0, 1} = {aa, Aa, AA}.}
| ^
checkRd: (-1) estNetwork.Rd:86: Lost braces; missing escapes or markup?
86 | Columns 4 and higher contain the marker scores for each line, coded as {-1, 0, 1} = {aa, Aa, AA}.}
| ^
checkRd: (-1) estNetwork.Rd:139: Lost braces; missing escapes or markup?
139 | complemented haplotype will consist of only homozygous sites ({-1, 1}).
| ^
checkRd: (-1) estNetwork.Rd:140: Lost braces; missing escapes or markup?
140 | If FALSE, complemented haplotype will consist of both homozygous & heterozygous sites ({-1, 0, 1}).}
| ^
checkRd: (-1) estPhylo.Rd:78: Lost braces; missing escapes or markup?
78 | Columns 4 and higher contain the marker scores for each line, coded as {-1, 0, 1} = {aa, Aa, AA}.}
| ^
checkRd: (-1) estPhylo.Rd:78: Lost braces; missing escapes or markup?
78 | Columns 4 and higher contain the marker scores for each line, coded as {-1, 0, 1} = {aa, Aa, AA}.}
| ^
Flavors: r-devel-linux-x86_64-debian-clang, r-devel-linux-x86_64-debian-gcc
Version: 0.1.33
Check: installed package size
Result: NOTE
installed size is 28.8Mb
sub-directories of 1Mb or more:
libs 27.4Mb
Flavors: r-release-macos-arm64, r-release-macos-x86_64, r-oldrel-macos-arm64, r-oldrel-macos-x86_64