CRAN Package Check Results for Package RADstackshelpR

Last updated on 2024-02-29 04:54:24 CET.

Flavor Version Tinstall Tcheck Ttotal Status Flags
r-devel-linux-x86_64-debian-clang 0.1.0 2.93 41.83 44.76 OK
r-devel-linux-x86_64-debian-gcc 0.1.0 2.14 32.17 34.31 OK
r-devel-linux-x86_64-fedora-clang 0.1.0 55.05 NOTE
r-devel-linux-x86_64-fedora-gcc 0.1.0 64.01 NOTE
r-devel-windows-x86_64 0.1.0 3.00 54.00 57.00 OK
r-patched-linux-x86_64 0.1.0 1.80 40.99 42.79 OK
r-release-linux-x86_64 0.1.0 2.12 41.27 43.39 OK
r-release-macos-arm64 0.1.0 32.00 OK
r-release-macos-x86_64 0.1.0 35.00 OK
r-release-windows-x86_64 0.1.0 5.00 59.00 64.00 OK
r-oldrel-macos-arm64 0.1.0 22.00 NOTE
r-oldrel-windows-x86_64 0.1.0 5.00 61.00 66.00 OK

Check Details

Version: 0.1.0
Check: dependencies in R code
Result: NOTE Namespace in Imports field not imported from: ‘gridExtra’ All declared Imports should be used. Flavors: r-devel-linux-x86_64-fedora-clang, r-devel-linux-x86_64-fedora-gcc, r-oldrel-macos-arm64