CRAN Package Check Results for Package R6

Last updated on 2020-07-13 15:48:42 CEST.

Flavor Version Tinstall Tcheck Ttotal Status Flags
r-devel-linux-x86_64-debian-clang 2.4.1 1.60 27.19 28.79 OK
r-devel-linux-x86_64-debian-gcc 2.4.1 1.89 21.05 22.94 OK
r-devel-linux-x86_64-fedora-clang 2.4.1 44.13 OK
r-devel-linux-x86_64-fedora-gcc 2.4.1 34.95 OK
r-devel-windows-ix86+x86_64 2.4.1 9.00 50.00 59.00 OK
r-patched-linux-x86_64 2.4.1 1.96 26.59 28.55 OK
r-patched-solaris-x86 2.4.1 51.30 OK
r-release-linux-x86_64 2.4.1 1.61 26.38 27.99 OK
r-release-macos-x86_64 2.4.1 FAIL
r-release-windows-ix86+x86_64 2.4.1 10.00 53.00 63.00 OK
r-oldrel-macos-x86_64 2.4.1 OK
r-oldrel-windows-ix86+x86_64 2.4.1 6.00 37.00 43.00 OK

Check Details

Version: 2.4.1
Check: DESCRIPTION meta-information
Result: FAIL
Flavor: r-release-macos-x86_64