Last updated on 2023-12-09 16:49:30 CET.
Flavor | Version | Tinstall | Tcheck | Ttotal | Status | Flags |
---|---|---|---|---|---|---|
r-devel-linux-x86_64-debian-clang | 3.2-3.2.1 | 4.20 | 48.15 | 52.35 | NOTE | |
r-devel-linux-x86_64-debian-gcc | 3.2-3.2.1 | 3.86 | 37.16 | 41.02 | NOTE | |
r-devel-linux-x86_64-fedora-clang | 3.2-3.2.1 | 66.60 | OK | |||
r-devel-linux-x86_64-fedora-gcc | 3.2-3.2.1 | 76.06 | OK | |||
r-devel-windows-x86_64 | 3.2-3.2.1 | 5.00 | 78.00 | 83.00 | OK | |
r-patched-linux-x86_64 | 3.2-3.2.1 | 5.58 | 48.06 | 53.64 | NOTE | |
r-release-linux-x86_64 | 3.2-3.2.1 | 4.79 | 47.46 | 52.25 | NOTE | |
r-release-macos-arm64 | 3.2-3.2.1 | 31.00 | OK | |||
r-release-macos-x86_64 | 3.2-3.2.1 | 46.00 | OK | |||
r-release-windows-x86_64 | 3.2-3.2.1 | 7.00 | 77.00 | 84.00 | OK | |
r-oldrel-macos-arm64 | 3.2-3.2.1 | 26.00 | OK | |||
r-oldrel-macos-x86_64 | 3.2-3.2.1 | 34.00 | OK | |||
r-oldrel-windows-x86_64 | 3.2-3.2.1 | 6.00 | 78.00 | 84.00 | OK |
Version: 3.2-3.2.1
Check: R code for possible problems
Result: NOTE
Found the following calls to attach():
File ‘R2OpenBUGS/R/attach.all.R’:
attach(x, name = name)
See section ‘Good practice’ in ‘?attach’.
Flavors: r-devel-linux-x86_64-debian-clang, r-devel-linux-x86_64-debian-gcc, r-patched-linux-x86_64, r-release-linux-x86_64
Version: 3.2-3.2.1
Check: Rd files
Result: NOTE
checkRd: (-1) bugs.Rd:158: Lost braces in \itemize; meant \describe ?
checkRd: (-1) bugs.Rd:163: Lost braces in \itemize; meant \describe ?
checkRd: (-1) bugs.Rd:164: Lost braces in \itemize; meant \describe ?
checkRd: (-1) bugs.Rd:166: Lost braces in \itemize; meant \describe ?
Flavors: r-devel-linux-x86_64-debian-clang, r-devel-linux-x86_64-debian-gcc