CRAN Package Check Results for Package R2MLwiN

Last updated on 2024-02-29 15:53:55 CET.

Flavor Version Tinstall Tcheck Ttotal Status Flags
r-devel-linux-x86_64-debian-clang 0.8-9 68.30 211.46 279.76 OK
r-devel-linux-x86_64-debian-gcc 0.8-9 47.67 154.67 202.34 OK
r-devel-linux-x86_64-fedora-clang 0.8-9 344.40 NOTE
r-devel-linux-x86_64-fedora-gcc 0.8-9 340.22 OK
r-devel-windows-x86_64 0.8-9 49.00 163.00 212.00 OK
r-patched-linux-x86_64 0.8-9 55.67 207.21 262.88 OK
r-release-linux-x86_64 0.8-9 42.01 204.31 246.32 OK
r-release-macos-arm64 0.8-9 87.00 OK
r-release-macos-x86_64 0.8-9 186.00 OK
r-release-windows-x86_64 0.8-9 72.00 208.00 280.00 OK
r-oldrel-macos-arm64 0.8-9 91.00 OK
r-oldrel-windows-x86_64 0.8-9 74.00 199.00 273.00 OK

Check Details

Version: 0.8-9
Check: Rd cross-references
Result: NOTE Undeclared package ‘generics’ in Rd xrefs Flavor: r-devel-linux-x86_64-fedora-clang