CRAN Package Check Results for Package R2DGC

Last updated on 2020-08-08 15:46:59 CEST.

Flavor Version Tinstall Tcheck Ttotal Status Flags
r-devel-linux-x86_64-debian-clang 1.0.3 3.69 35.92 39.61 NOTE
r-devel-linux-x86_64-debian-gcc 1.0.3 3.07 28.66 31.73 NOTE
r-devel-linux-x86_64-fedora-clang 1.0.3 56.60 OK
r-devel-linux-x86_64-fedora-gcc 1.0.3 48.01 OK
r-devel-windows-ix86+x86_64 1.0.3 13.00 72.00 85.00 NOTE
r-patched-linux-x86_64 1.0.3 3.35 36.03 39.38 NOTE
r-patched-solaris-x86 1.0.3 60.50 OK
r-release-linux-x86_64 1.0.3 3.27 36.54 39.81 NOTE
r-release-macos-x86_64 1.0.3 OK
r-release-windows-ix86+x86_64 1.0.3 10.00 69.00 79.00 NOTE
r-oldrel-macos-x86_64 1.0.3 OK
r-oldrel-windows-ix86+x86_64 1.0.3 7.00 51.00 58.00 OK

Check Details

Version: 1.0.3
Check: package vignettes
Result: NOTE
    Package vignette with placeholder title 'Vignette Title':
     'R2DGC.Rmd'
Flavors: r-devel-linux-x86_64-debian-clang, r-devel-linux-x86_64-debian-gcc, r-devel-windows-ix86+x86_64, r-patched-linux-x86_64, r-release-linux-x86_64, r-release-windows-ix86+x86_64