CRAN Package Check Results for Package R.utils

Last updated on 2020-07-15 03:46:58 CEST.

Flavor Version Tinstall Tcheck Ttotal Status Flags
r-devel-linux-x86_64-debian-clang 2.9.2 16.57 160.23 176.80 OK
r-devel-linux-x86_64-debian-gcc 2.9.2 14.06 124.55 138.61 OK
r-devel-linux-x86_64-fedora-clang 2.9.2 222.41 OK
r-devel-linux-x86_64-fedora-gcc 2.9.2 216.67 OK
r-devel-windows-ix86+x86_64 2.9.2 39.00 797.00 836.00 OK
r-patched-linux-x86_64 2.9.2 17.76 160.15 177.91 OK
r-patched-solaris-x86 2.9.2 299.40 OK
r-release-linux-x86_64 2.9.2 15.18 160.36 175.54 OK
r-release-macos-x86_64 2.9.2 ERROR
r-release-windows-ix86+x86_64 2.9.2 38.00 690.00 728.00 OK
r-oldrel-macos-x86_64 2.9.2 OK
r-oldrel-windows-ix86+x86_64 2.9.2 45.00 883.00 928.00 OK

Check Details

Version: 2.9.2
Check: whether package can be installed
Result: ERROR
    Installation failed.
Flavor: r-release-macos-x86_64