CRAN Package Check Results for Package R.temis

Last updated on 2024-02-28 05:13:00 CET.

Flavor Version Tinstall Tcheck Ttotal Status Flags
r-devel-linux-x86_64-debian-clang 0.1.3 10.54 154.23 164.77 OK
r-devel-linux-x86_64-debian-gcc 0.1.3 7.64 113.53 121.17 OK
r-devel-linux-x86_64-fedora-clang 0.1.3 194.88 NOTE
r-devel-linux-x86_64-fedora-gcc 0.1.3 201.83 NOTE
r-devel-windows-x86_64 0.1.3 13.00 125.00 138.00 OK
r-patched-linux-x86_64 0.1.3 19.76 148.14 167.90 OK
r-release-linux-x86_64 0.1.3 8.79 146.18 154.97 OK
r-release-macos-arm64 0.1.3 62.00 OK
r-release-macos-x86_64 0.1.3 110.00 OK
r-release-windows-x86_64 0.1.3 16.00 151.00 167.00 OK
r-oldrel-macos-arm64 0.1.3 35.00 NOTE
r-oldrel-windows-x86_64 0.1.3 17.00 158.00 175.00 OK

Check Details

Version: 0.1.3
Check: dependencies in R code
Result: NOTE Namespace in Imports field not imported from: ‘testthat’ All declared Imports should be used. Flavors: r-devel-linux-x86_64-fedora-clang, r-devel-linux-x86_64-fedora-gcc, r-oldrel-macos-arm64