CRAN Package Check Results for Package R.rsp

Last updated on 2020-07-13 15:48:41 CEST.

Flavor Version Tinstall Tcheck Ttotal Status Flags
r-devel-linux-x86_64-debian-clang 0.44.0 15.16 154.32 169.48 OK
r-devel-linux-x86_64-debian-gcc 0.44.0 11.84 121.51 133.35 OK
r-devel-linux-x86_64-fedora-clang 0.44.0 214.30 OK
r-devel-linux-x86_64-fedora-gcc 0.44.0 213.34 OK
r-devel-windows-ix86+x86_64 0.44.0 42.00 308.00 350.00 OK
r-patched-linux-x86_64 0.44.0 14.83 155.29 170.12 OK
r-patched-solaris-x86 0.44.0 259.10 OK
r-release-linux-x86_64 0.44.0 12.23 154.32 166.55 OK
r-release-macos-x86_64 0.44.0 ERROR
r-release-windows-ix86+x86_64 0.44.0 37.00 346.00 383.00 OK
r-oldrel-macos-x86_64 0.44.0 NOTE
r-oldrel-windows-ix86+x86_64 0.44.0 24.00 259.00 283.00 OK

Check Details

Version: 0.44.0
Check: whether package can be installed
Result: ERROR
    Installation failed.
Flavor: r-release-macos-x86_64

Version: 0.44.0
Check: dependencies in R code
Result: NOTE
    No protocol specified
    No protocol specified
Flavor: r-oldrel-macos-x86_64