CRAN Package Check Results for Package PwrGSD

Last updated on 2024-02-22 05:01:54 CET.

Flavor Version Tinstall Tcheck Ttotal Status Flags
r-devel-linux-x86_64-debian-clang 2.3.6 NOTE
r-devel-linux-x86_64-debian-gcc 2.3.6 17.16 124.12 141.28 NOTE
r-devel-linux-x86_64-fedora-clang 2.3.6 238.31 NOTE
r-devel-linux-x86_64-fedora-gcc 2.3.6 257.10 NOTE
r-devel-windows-x86_64 2.3.6 25.00 219.00 244.00 NOTE
r-patched-linux-x86_64 2.3.6 24.21 175.12 199.33 NOTE
r-release-linux-x86_64 2.3.6 19.94 169.79 189.73 NOTE
r-release-macos-arm64 2.3.6 101.00 NOTE
r-release-macos-x86_64 2.3.6 173.00 NOTE
r-release-windows-x86_64 2.3.6 31.00 249.00 280.00 NOTE
r-oldrel-macos-arm64 2.3.6 86.00 OK
r-oldrel-windows-x86_64 2.3.6 30.00 250.00 280.00 OK

Check Details

Version: 2.3.6
Check: Rd files
Result: NOTE checkRd: (-1) Ch0C-plot.cpd.PwrGSD.Rd:40: Escaped LaTeX specials: \& checkRd: (-1) Ch17-CRRtoRR.Rd:15: Lost braces; missing escapes or markup? 15 | \ldots, [t_m, t_{m+1})$ then \code{DT} will be c($t_2-t_1,t_3 -t_2, | ^ checkRd: (-1) Ch17-CRRtoRR.Rd:16: Lost braces; missing escapes or markup? 16 | \ldots, t_{m+1} - t_m )$ | ^ Flavors: r-devel-linux-x86_64-debian-clang, r-devel-linux-x86_64-debian-gcc, r-devel-linux-x86_64-fedora-clang, r-devel-linux-x86_64-fedora-gcc

Version: 2.3.6
Check: Rd files
Result: NOTE checkRd: (-1) Ch0C-plot.cpd.PwrGSD.Rd:40: Escaped LaTeX specials: \& Flavors: r-devel-windows-x86_64, r-patched-linux-x86_64, r-release-linux-x86_64, r-release-macos-arm64, r-release-macos-x86_64, r-release-windows-x86_64