CRAN Package Check Results for Package PrevMap

Last updated on 2020-08-03 05:48:56 CEST.

Flavor Version Tinstall Tcheck Ttotal Status Flags
r-devel-linux-x86_64-debian-clang 1.5.3 33.94 208.22 242.16 NOTE
r-devel-linux-x86_64-debian-gcc 1.5.3 27.19 155.64 182.83 NOTE
r-devel-linux-x86_64-fedora-clang 1.5.3 294.57 OK
r-devel-linux-x86_64-fedora-gcc 1.5.3 285.42 OK
r-devel-windows-ix86+x86_64 1.5.3 67.00 208.00 275.00 OK
r-patched-linux-x86_64 1.5.3 31.09 205.28 236.37 NOTE
r-patched-solaris-x86 1.5.3 376.70 NOTE
r-release-linux-x86_64 1.5.3 31.95 204.82 236.77 NOTE
r-release-macos-x86_64 1.5.3 NOTE
r-release-windows-ix86+x86_64 1.5.3 68.00 224.00 292.00 OK
r-oldrel-macos-x86_64 1.5.3 NOTE
r-oldrel-windows-ix86+x86_64 1.5.3 39.00 166.00 205.00 OK

Check Details

Version: 1.5.3
Check: package dependencies
Result: NOTE
    Package suggested but not available for checking: 'INLA'
Flavors: r-devel-linux-x86_64-debian-clang, r-devel-linux-x86_64-debian-gcc, r-patched-linux-x86_64, r-patched-solaris-x86, r-release-linux-x86_64, r-release-macos-x86_64, r-oldrel-macos-x86_64

Version: 1.5.3
Check: dependencies in R code
Result: NOTE
    No protocol specified
    No protocol specified
Flavor: r-oldrel-macos-x86_64