CRAN Package Check Results for Package PredictionR

Last updated on 2024-02-29 15:53:54 CET.

Flavor Version Tinstall Tcheck Ttotal Status Flags
r-devel-linux-x86_64-debian-clang 1.0-12 8.52 67.85 76.37 NOTE
r-devel-linux-x86_64-debian-gcc 1.0-12 6.57 50.85 57.42 NOTE
r-devel-linux-x86_64-fedora-clang 1.0-12 90.63 NOTE
r-devel-linux-x86_64-fedora-gcc 1.0-12 88.00 NOTE
r-devel-windows-x86_64 1.0-12 7.00 65.00 72.00 NOTE
r-patched-linux-x86_64 1.0-12 6.35 67.14 73.49 NOTE
r-release-linux-x86_64 1.0-12 7.19 64.89 72.08 NOTE
r-release-macos-arm64 1.0-12 35.00 NOTE
r-release-macos-x86_64 1.0-12 52.00 NOTE
r-release-windows-x86_64 1.0-12 9.00 76.00 85.00 NOTE
r-oldrel-macos-arm64 1.0-12 28.00 NOTE
r-oldrel-windows-x86_64 1.0-12 10.00 79.00 89.00 NOTE

Check Details

Version: 1.0-12
Check: LazyData
Result: NOTE 'LazyData' is specified without a 'data' directory Flavors: r-devel-linux-x86_64-debian-clang, r-devel-linux-x86_64-debian-gcc, r-devel-linux-x86_64-fedora-clang, r-devel-linux-x86_64-fedora-gcc, r-devel-windows-x86_64, r-patched-linux-x86_64, r-release-linux-x86_64, r-release-macos-arm64, r-release-macos-x86_64, r-release-windows-x86_64, r-oldrel-macos-arm64, r-oldrel-windows-x86_64