Last updated on 2023-12-03 16:51:50 CET.
Flavor | Version | Tinstall | Tcheck | Ttotal | Status | Flags |
---|---|---|---|---|---|---|
r-devel-linux-x86_64-debian-clang | 1.5-4 | 15.89 | 217.49 | 233.38 | OK | |
r-devel-linux-x86_64-debian-gcc | 1.5-4 | 12.65 | 154.92 | 167.57 | OK | |
r-devel-linux-x86_64-fedora-clang | 1.5-4 | 281.81 | OK | |||
r-devel-linux-x86_64-fedora-gcc | 1.5-4 | 291.68 | OK | |||
r-devel-windows-x86_64 | 1.5-4 | 14.00 | 122.00 | 136.00 | OK | --no-vignettes |
r-patched-linux-x86_64 | 1.5-4 | 19.62 | 202.81 | 222.43 | OK | |
r-release-linux-x86_64 | 1.5-4 | 11.57 | 202.18 | 213.75 | OK | |
r-release-macos-arm64 | 1.5-4 | 79.00 | OK | |||
r-release-macos-x86_64 | 1.5-4 | 177.00 | NOTE | |||
r-release-windows-x86_64 | 1.5-4 | 17.00 | 132.00 | 149.00 | OK | --no-vignettes |
r-oldrel-macos-arm64 | 1.5-4 | 95.00 | OK | |||
r-oldrel-macos-x86_64 | 1.5-4 | 128.00 | OK | |||
r-oldrel-windows-x86_64 | 1.5-4 | 18.00 | 127.00 | 145.00 | OK | --no-vignettes |
Version: 1.5-4
Check: package dependencies
Result: NOTE
Package suggested but not available for checking: ‘emmeans’
Flavor: r-release-macos-x86_64
Version: 1.5-4
Check: Rd cross-references
Result: NOTE
Package unavailable to check Rd xrefs: ‘emmeans’
Flavor: r-release-macos-x86_64