CRAN Package Check Results for Package PortfolioOptim

Last updated on 2024-02-24 16:48:29 CET.

Flavor Version Tinstall Tcheck Ttotal Status Flags
r-devel-linux-x86_64-debian-clang 1.1.1 2.62 27.90 30.52 NOTE
r-devel-linux-x86_64-debian-gcc 1.1.1 2.20 21.62 23.82 NOTE
r-devel-linux-x86_64-fedora-clang 1.1.1 41.01 NOTE
r-devel-linux-x86_64-fedora-gcc 1.1.1 37.18 NOTE
r-devel-windows-x86_64 1.1.1 3.00 43.00 46.00 NOTE
r-patched-linux-x86_64 1.1.1 2.69 27.21 29.90 NOTE
r-release-linux-x86_64 1.1.1 2.24 27.78 30.02 NOTE
r-release-macos-arm64 1.1.1 19.00 NOTE
r-release-macos-x86_64 1.1.1 24.00 NOTE
r-release-windows-x86_64 1.1.1 3.00 45.00 48.00 NOTE
r-oldrel-macos-arm64 1.1.1 18.00 NOTE
r-oldrel-windows-x86_64 1.1.1 5.00 51.00 56.00 NOTE

Check Details

Version: 1.1.1
Check: LazyData
Result: NOTE 'LazyData' is specified without a 'data' directory Flavors: r-devel-linux-x86_64-debian-clang, r-devel-linux-x86_64-debian-gcc, r-devel-linux-x86_64-fedora-clang, r-devel-linux-x86_64-fedora-gcc, r-devel-windows-x86_64, r-patched-linux-x86_64, r-release-linux-x86_64, r-release-macos-arm64, r-release-macos-x86_64, r-release-windows-x86_64, r-oldrel-macos-arm64, r-oldrel-windows-x86_64