CRAN Package Check Results for Package PortfolioAnalytics

Last updated on 2020-08-10 06:47:37 CEST.

Flavor Version Tinstall Tcheck Ttotal Status Flags
r-devel-linux-x86_64-debian-clang 1.1.0 20.48 411.67 432.15 OK
r-devel-linux-x86_64-debian-gcc 1.1.0 15.53 300.28 315.81 OK
r-devel-linux-x86_64-fedora-clang 1.1.0 702.33 OK
r-devel-linux-x86_64-fedora-gcc 1.1.0 889.61 OK
r-devel-windows-ix86+x86_64 1.1.0 42.00 935.00 977.00 OK --no-vignettes
r-patched-linux-x86_64 1.1.0 20.43 412.53 432.96 OK
r-patched-solaris-x86 1.1.0 951.50 NOTE
r-release-linux-x86_64 1.1.0 19.73 406.86 426.59 OK
r-release-macos-x86_64 1.1.0 NOTE
r-release-windows-ix86+x86_64 1.1.0 45.00 696.00 741.00 OK --no-vignettes
r-oldrel-macos-x86_64 1.1.0 FAIL
r-oldrel-windows-ix86+x86_64 1.1.0 31.00 936.00 967.00 OK --no-vignettes

Check Details

Version: 1.1.0
Check: package dependencies
Result: NOTE
    Package suggested but not available for checking: ‘ROI.plugin.symphony’
Flavors: r-patched-solaris-x86, r-release-macos-x86_64, r-oldrel-macos-x86_64

Version: 1.1.0
Check: re-building of vignette outputs
Result: FAIL
Flavor: r-oldrel-macos-x86_64