CRAN Package Check Results for Package PopGenReport

Last updated on 2020-08-14 03:47:53 CEST.

Flavor Version Tinstall Tcheck Ttotal Status Flags
r-devel-linux-x86_64-debian-clang 3.0.4 29.37 237.74 267.11 OK
r-devel-linux-x86_64-debian-gcc 3.0.4 23.20 180.09 203.29 OK
r-devel-linux-x86_64-fedora-clang 3.0.4 320.34 NOTE
r-devel-linux-x86_64-fedora-gcc 3.0.4 329.09 OK
r-devel-windows-ix86+x86_64 3.0.4 78.00 303.00 381.00 OK
r-patched-linux-x86_64 3.0.4 21.12 227.18 248.30 OK
r-patched-solaris-x86 3.0.4 460.40 OK
r-release-linux-x86_64 3.0.4 27.24 226.30 253.54 OK
r-release-macos-x86_64 3.0.4 OK
r-release-windows-ix86+x86_64 3.0.4 82.00 326.00 408.00 OK
r-oldrel-macos-x86_64 3.0.4 OK
r-oldrel-windows-ix86+x86_64 3.0.4 49.00 196.00 245.00 OK

Check Details

Version: 3.0.4
Check: package dependencies
Result: NOTE
    Imports includes 21 non-default packages.
    Importing from so many packages makes the package vulnerable to any of
    them becoming unavailable. Move as many as possible to Suggests and
    use conditionally.
Flavor: r-devel-linux-x86_64-fedora-clang

Version: 3.0.4
Check: Rd cross-references
Result: NOTE
    Undeclared package ‘ecodist’ in Rd xrefs
Flavor: r-devel-linux-x86_64-fedora-clang