CRAN Package Check Results for Package PolynomF

Last updated on 2024-02-29 15:53:54 CET.

Flavor Version Tinstall Tcheck Ttotal Status Flags
r-devel-linux-x86_64-debian-clang 2.0-5 20.84 41.64 62.48 WARN
r-devel-linux-x86_64-debian-gcc 2.0-5 16.42 31.80 48.22 WARN
r-devel-linux-x86_64-fedora-clang 2.0-5 86.11 WARN
r-devel-linux-x86_64-fedora-gcc 2.0-5 92.70 WARN
r-devel-windows-x86_64 2.0-5 18.00 72.00 90.00 WARN
r-patched-linux-x86_64 2.0-5 21.13 40.18 61.31 OK
r-release-linux-x86_64 2.0-5 21.58 39.50 61.08 OK
r-release-macos-arm64 2.0-5 35.00 OK
r-release-macos-x86_64 2.0-5 52.00 OK
r-release-windows-x86_64 2.0-5 19.00 81.00 100.00 OK
r-oldrel-macos-arm64 2.0-5 31.00 OK
r-oldrel-windows-x86_64 2.0-5 28.00 79.00 107.00 OK

Check Details

Version: 2.0-5
Check: S3 generic/method consistency
Result: WARN zap: function(x, digits) zap.default: function(x, digits, mFUN, min.d) See section ‘Generic functions and methods’ in the ‘Writing R Extensions’ manual. Flavors: r-devel-linux-x86_64-debian-clang, r-devel-linux-x86_64-debian-gcc, r-devel-linux-x86_64-fedora-clang, r-devel-linux-x86_64-fedora-gcc, r-devel-windows-x86_64

Version: 2.0-5
Check: for code/documentation mismatches
Result: WARN Codoc mismatches from Rd file 'zap.Rd': zap.default Code: function(x, digits = getOption("digits"), mFUN = function(x, ina) max(abs(x[!ina])), min.d = 0L) Docs: function(x, digits = getOption("digits")) Argument names in code not in docs: mFUN min.d Flavors: r-devel-linux-x86_64-debian-clang, r-devel-linux-x86_64-debian-gcc, r-devel-linux-x86_64-fedora-clang, r-devel-linux-x86_64-fedora-gcc, r-devel-windows-x86_64