CRAN Package Check Results for Package PoA

Last updated on 2024-02-24 16:48:29 CET.

Flavor Version Tinstall Tcheck Ttotal Status Flags
r-devel-linux-x86_64-debian-clang 1.2.1 4.43 39.77 44.20 NOTE
r-devel-linux-x86_64-debian-gcc 1.2.1 3.46 29.77 33.23 NOTE
r-devel-linux-x86_64-fedora-clang 1.2.1 57.78 NOTE
r-devel-linux-x86_64-fedora-gcc 1.2.1 51.62 NOTE
r-devel-windows-x86_64 1.2.1 5.00 49.00 54.00 NOTE
r-patched-linux-x86_64 1.2.1 3.96 37.44 41.40 NOTE
r-release-linux-x86_64 1.2.1 2.92 38.49 41.41 NOTE
r-release-macos-arm64 1.2.1 23.00 NOTE
r-release-macos-x86_64 1.2.1 31.00 NOTE
r-release-windows-x86_64 1.2.1 6.00 52.00 58.00 NOTE
r-oldrel-macos-arm64 1.2.1 21.00 NOTE
r-oldrel-windows-x86_64 1.2.1 6.00 57.00 63.00 NOTE

Check Details

Version: 1.2.1
Check: LazyData
Result: NOTE 'LazyData' is specified without a 'data' directory Flavors: r-devel-linux-x86_64-debian-clang, r-devel-linux-x86_64-debian-gcc, r-devel-linux-x86_64-fedora-clang, r-devel-linux-x86_64-fedora-gcc, r-devel-windows-x86_64, r-patched-linux-x86_64, r-release-linux-x86_64, r-release-macos-arm64, r-release-macos-x86_64, r-release-windows-x86_64, r-oldrel-macos-arm64, r-oldrel-windows-x86_64