CRAN Package Check Results for Package Plasmidprofiler

Last updated on 2024-03-01 16:49:28 CET.

Flavor Version Tinstall Tcheck Ttotal Status Flags
r-devel-linux-x86_64-debian-clang 0.1.6 7.80 74.87 82.67 NOTE
r-devel-linux-x86_64-debian-gcc 0.1.6 7.21 56.90 64.11 NOTE
r-devel-linux-x86_64-fedora-clang 0.1.6 105.71 NOTE
r-devel-linux-x86_64-fedora-gcc 0.1.6 105.96 NOTE
r-devel-windows-x86_64 0.1.6 9.00 79.00 88.00 OK
r-patched-linux-x86_64 0.1.6 9.23 72.37 81.60 NOTE
r-release-linux-x86_64 0.1.6 5.52 72.97 78.49 NOTE
r-release-macos-arm64 0.1.6 35.00 OK
r-release-macos-x86_64 0.1.6 48.00 OK
r-release-windows-x86_64 0.1.6 11.00 95.00 106.00 OK
r-oldrel-macos-arm64 0.1.6 30.00 OK
r-oldrel-windows-x86_64 0.1.6 11.00 92.00 103.00 OK

Check Details

Version: 0.1.6
Check: for non-standard things in the check directory
Result: NOTE Found the following files/directories: ‘P2Run.csv’ ‘P2Run.html’ ‘P2Run.png’ Flavors: r-devel-linux-x86_64-debian-clang, r-devel-linux-x86_64-debian-gcc, r-devel-linux-x86_64-fedora-clang, r-devel-linux-x86_64-fedora-gcc, r-patched-linux-x86_64, r-release-linux-x86_64