CRAN Package Check Results for Package Plasmidprofiler

Last updated on 2020-08-09 15:47:53 CEST.

Flavor Version Tinstall Tcheck Ttotal Status Flags
r-devel-linux-x86_64-debian-clang 0.1.6 6.68 59.06 65.74 NOTE
r-devel-linux-x86_64-debian-gcc 0.1.6 5.78 44.02 49.80 NOTE
r-devel-linux-x86_64-fedora-clang 0.1.6 88.64 NOTE
r-devel-linux-x86_64-fedora-gcc 0.1.6 75.91 NOTE
r-devel-windows-ix86+x86_64 0.1.6 24.00 114.00 138.00 OK
r-patched-linux-x86_64 0.1.6 6.99 56.12 63.11 NOTE
r-patched-solaris-x86 0.1.6 112.10 NOTE
r-release-linux-x86_64 0.1.6 6.62 56.00 62.62 NOTE
r-release-macos-x86_64 0.1.6 OK
r-release-windows-ix86+x86_64 0.1.6 30.00 106.00 136.00 OK
r-oldrel-macos-x86_64 0.1.6 OK
r-oldrel-windows-ix86+x86_64 0.1.6 17.00 73.00 90.00 OK

Check Details

Version: 0.1.6
Check: for non-standard things in the check directory
Result: NOTE
    Found the following files/directories:
     'P2Run.csv' 'P2Run.html' 'P2Run.png'
Flavors: r-devel-linux-x86_64-debian-clang, r-devel-linux-x86_64-debian-gcc, r-devel-linux-x86_64-fedora-clang, r-devel-linux-x86_64-fedora-gcc, r-patched-linux-x86_64, r-release-linux-x86_64

Version: 0.1.6
Check: for non-standard things in the check directory
Result: NOTE
    Found the following files/directories:
     ‘P2Run.csv’ ‘P2Run.png’
Flavor: r-patched-solaris-x86