Last updated on 2023-11-28 16:48:28 CET.
Flavor | Version | Tinstall | Tcheck | Ttotal | Status | Flags |
---|---|---|---|---|---|---|
r-devel-linux-x86_64-debian-clang | 0.2-4 | 3.48 | 80.63 | 84.11 | NOTE | |
r-devel-linux-x86_64-debian-gcc | 0.2-4 | 2.49 | 72.85 | 75.34 | NOTE | |
r-devel-linux-x86_64-fedora-clang | 0.2-4 | 104.06 | OK | |||
r-devel-linux-x86_64-fedora-gcc | 0.2-4 | 121.37 | OK | |||
r-devel-windows-x86_64 | 0.2-4 | 5.00 | 115.00 | 120.00 | OK | |
r-patched-linux-x86_64 | 0.2-4 | 4.27 | 92.72 | 96.99 | OK | |
r-release-linux-x86_64 | 0.2-4 | 3.60 | 93.52 | 97.12 | OK | |
r-release-macos-arm64 | 0.2-4 | 63.00 | OK | |||
r-release-macos-x86_64 | 0.2-4 | 117.00 | OK | |||
r-release-windows-x86_64 | 0.2-4 | 6.00 | 131.00 | 137.00 | OK | |
r-oldrel-macos-arm64 | 0.2-4 | 41.00 | OK | |||
r-oldrel-macos-x86_64 | 0.2-4 | 119.00 | OK | |||
r-oldrel-windows-x86_64 | 0.2-4 | 6.00 | 93.00 | 99.00 | OK |
Version: 0.2-4
Check: Rd files
Result: NOTE
checkRd: (-1) pa-internal.Rd:11: Lost braces
11 | code{l2df}: convert list to data.frame
| ^
checkRd: (-1) pa-internal.Rd:14: Lost braces
14 | code{convertTZ}: force a new timezone on datetime
| ^
checkRd: (-1) pa-internal.Rd:16: Lost braces
16 | code{createTime}: create datetime variable
| ^
checkRd: (-1) pa-internal.Rd:18: Lost braces
18 | code{addDayIndex}: create ID_day variable from timestamp
| ^
Flavors: r-devel-linux-x86_64-debian-clang, r-devel-linux-x86_64-debian-gcc