CRAN Package Check Results for Package PerformanceAnalytics

Last updated on 2020-08-06 04:48:13 CEST.

Flavor Version Tinstall Tcheck Ttotal Status Flags
r-devel-linux-x86_64-debian-clang 2.0.4 21.45 337.86 359.31 OK
r-devel-linux-x86_64-debian-gcc 2.0.4 20.04 250.36 270.40 OK
r-devel-linux-x86_64-fedora-clang 2.0.4 456.85 NOTE
r-devel-linux-x86_64-fedora-gcc 2.0.4 450.55 OK
r-devel-windows-ix86+x86_64 2.0.4 53.00 378.00 431.00 OK --no-vignettes
r-patched-linux-x86_64 2.0.4 20.52 328.92 349.44 OK
r-patched-solaris-x86 2.0.4 638.50 OK
r-release-linux-x86_64 2.0.4 23.55 329.60 353.15 OK
r-release-macos-x86_64 2.0.4 OK
r-release-windows-ix86+x86_64 2.0.4 54.00 401.00 455.00 OK --no-vignettes
r-oldrel-macos-x86_64 2.0.4 OK
r-oldrel-windows-ix86+x86_64 2.0.4 34.00 367.00 401.00 OK --no-vignettes

Additional issues

noLD

Check Details

Version: 2.0.4
Check: Rd cross-references
Result: NOTE
    Undeclared packages ‘timeSeries’, ‘tseries’, ‘car’, ‘gplots’ in Rd xrefs
Flavor: r-devel-linux-x86_64-fedora-clang