CRAN Package Check Results for Package PenIC

Last updated on 2024-02-24 16:48:28 CET.

Flavor Version Tinstall Tcheck Ttotal Status Flags
r-devel-linux-x86_64-debian-clang 1.0.0 7.79 70.43 78.22 NOTE
r-devel-linux-x86_64-debian-gcc 1.0.0 5.79 52.20 57.99 NOTE
r-devel-linux-x86_64-fedora-clang 1.0.0 96.72 NOTE
r-devel-linux-x86_64-fedora-gcc 1.0.0 90.72 NOTE
r-devel-windows-x86_64 1.0.0 7.00 73.00 80.00 NOTE
r-patched-linux-x86_64 1.0.0 5.44 67.79 73.23 NOTE
r-release-linux-x86_64 1.0.0 7.21 66.40 73.61 NOTE
r-release-macos-arm64 1.0.0 34.00 NOTE
r-release-macos-x86_64 1.0.0 50.00 NOTE
r-release-windows-x86_64 1.0.0 9.00 81.00 90.00 NOTE
r-oldrel-macos-arm64 1.0.0 29.00 NOTE
r-oldrel-windows-x86_64 1.0.0 10.00 84.00 94.00 NOTE

Check Details

Version: 1.0.0
Check: LazyData
Result: NOTE 'LazyData' is specified without a 'data' directory Flavors: r-devel-linux-x86_64-debian-clang, r-devel-linux-x86_64-debian-gcc, r-devel-linux-x86_64-fedora-clang, r-devel-linux-x86_64-fedora-gcc, r-devel-windows-x86_64, r-patched-linux-x86_64, r-release-linux-x86_64, r-release-macos-arm64, r-release-macos-x86_64, r-release-windows-x86_64, r-oldrel-macos-arm64, r-oldrel-windows-x86_64