CRAN Package Check Results for Package PakPMICS2014HL

Last updated on 2020-08-08 15:46:57 CEST.

Flavor Version Tinstall Tcheck Ttotal Status Flags
r-devel-linux-x86_64-debian-clang 0.1.0 6.33 29.78 36.11 OK
r-devel-linux-x86_64-debian-gcc 0.1.0 5.21 23.17 28.38 OK
r-devel-linux-x86_64-fedora-clang 0.1.0 53.32 NOTE
r-devel-linux-x86_64-fedora-gcc 0.1.0 42.44 NOTE
r-devel-windows-ix86+x86_64 0.1.0 14.00 55.00 69.00 OK
r-patched-linux-x86_64 0.1.0 6.21 28.87 35.08 OK
r-patched-solaris-x86 0.1.0 72.10 NOTE
r-release-linux-x86_64 0.1.0 5.90 28.56 34.46 OK
r-release-macos-x86_64 0.1.0 NOTE
r-release-windows-ix86+x86_64 0.1.0 14.00 57.00 71.00 OK
r-oldrel-macos-x86_64 0.1.0 NOTE
r-oldrel-windows-ix86+x86_64 0.1.0 10.00 39.00 49.00 OK

Check Details

Version: 0.1.0
Check: dependencies in R code
Result: NOTE
    Namespace in Imports field not imported from: ‘stats’
     All declared Imports should be used.
Flavors: r-devel-linux-x86_64-fedora-clang, r-devel-linux-x86_64-fedora-gcc, r-patched-solaris-x86, r-release-macos-x86_64, r-oldrel-macos-x86_64