CRAN Package Check Results for Package PakPMICS2014Ch

Last updated on 2020-08-08 15:46:57 CEST.

Flavor Version Tinstall Tcheck Ttotal Status Flags
r-devel-linux-x86_64-debian-clang 0.1.0 4.46 28.71 33.17 OK
r-devel-linux-x86_64-debian-gcc 0.1.0 3.86 22.18 26.04 OK
r-devel-linux-x86_64-fedora-clang 0.1.0 49.26 NOTE
r-devel-linux-x86_64-fedora-gcc 0.1.0 39.70 NOTE
r-devel-windows-ix86+x86_64 0.1.0 12.00 57.00 69.00 OK
r-patched-linux-x86_64 0.1.0 4.26 27.70 31.96 OK
r-patched-solaris-x86 0.1.0 62.50 NOTE
r-release-linux-x86_64 0.1.0 4.36 27.59 31.95 OK
r-release-macos-x86_64 0.1.0 NOTE
r-release-windows-ix86+x86_64 0.1.0 11.00 55.00 66.00 OK
r-oldrel-macos-x86_64 0.1.0 NOTE
r-oldrel-windows-ix86+x86_64 0.1.0 7.00 40.00 47.00 OK

Check Details

Version: 0.1.0
Check: dependencies in R code
Result: NOTE
    Namespace in Imports field not imported from: ‘stats’
     All declared Imports should be used.
Flavors: r-devel-linux-x86_64-fedora-clang, r-devel-linux-x86_64-fedora-gcc, r-patched-solaris-x86, r-release-macos-x86_64, r-oldrel-macos-x86_64