CRAN Package Check Results for Package PWEALL

Last updated on 2024-02-26 04:49:36 CET.

Flavor Version Tinstall Tcheck Ttotal Status Flags
r-devel-linux-x86_64-debian-clang 1.3.0.1 29.78 96.46 126.24 OK
r-devel-linux-x86_64-debian-gcc 1.3.0.1 19.23 74.45 93.68 OK
r-devel-linux-x86_64-fedora-clang 1.3.0.1 171.38 NOTE
r-devel-linux-x86_64-fedora-gcc 1.3.0.1 151.92 NOTE
r-devel-windows-x86_64 1.3.0.1 21.00 108.00 129.00 OK
r-patched-linux-x86_64 1.3.0.1 24.51 96.87 121.38 OK
r-release-linux-x86_64 1.3.0.1 24.00 95.69 119.69 OK
r-release-macos-arm64 1.3.0.1 50.00 OK
r-release-macos-x86_64 1.3.0.1 81.00 OK
r-release-windows-x86_64 1.3.0.1 27.00 125.00 152.00 OK
r-oldrel-macos-arm64 1.3.0.1 52.00 OK
r-oldrel-windows-x86_64 1.3.0.1 26.00 118.00 144.00 OK

Check Details

Version: 1.3.0.1
Check: installed package size
Result: NOTE installed size is 5.1Mb sub-directories of 1Mb or more: libs 4.8Mb Flavor: r-devel-linux-x86_64-fedora-clang

Version: 1.3.0.1
Check: compiled code
Result: NOTE File ‘PWEALL/libs/PWEALL.so’: Found no calls to: ‘R_registerRoutines’, ‘R_useDynamicSymbols’ It is good practice to register native routines and to disable symbol search. See ‘Writing portable packages’ in the ‘Writing R Extensions’ manual. Flavors: r-devel-linux-x86_64-fedora-clang, r-devel-linux-x86_64-fedora-gcc