Last updated on 2023-12-06 03:50:09 CET.
Flavor | Version | Tinstall | Tcheck | Ttotal | Status | Flags |
---|---|---|---|---|---|---|
r-devel-linux-x86_64-debian-clang | 3.2.11 | 94.07 | 112.79 | 206.86 | WARN | |
r-devel-linux-x86_64-debian-gcc | 3.2.11 | 76.85 | 83.72 | 160.57 | WARN | |
r-devel-linux-x86_64-fedora-clang | 3.2.11 | 262.11 | WARN | |||
r-devel-linux-x86_64-fedora-gcc | 3.2.11 | 298.04 | WARN | |||
r-devel-windows-x86_64 | 3.2.11 | 72.00 | 118.00 | 190.00 | WARN | |
r-patched-linux-x86_64 | 3.2.11 | 86.12 | 107.49 | 193.61 | OK | |
r-release-linux-x86_64 | 3.2.11 | 84.76 | 108.31 | 193.07 | OK | |
r-release-macos-arm64 | 3.2.11 | 67.00 | NOTE | |||
r-release-macos-x86_64 | 3.2.11 | 154.00 | NOTE | |||
r-release-windows-x86_64 | 3.2.11 | 90.00 | 146.00 | 236.00 | OK | |
r-oldrel-macos-arm64 | 3.2.11 | 74.00 | NOTE | |||
r-oldrel-macos-x86_64 | 3.2.10 | 96.00 | NOTE | |||
r-oldrel-windows-x86_64 | 3.2.11 | 82.00 | 145.00 | 227.00 | OK |
Version: 3.2.11
Check: whether package can be installed
Result: WARN
Found the following significant warnings:
./include/MCMC/sampler.h:241:39: warning: format specifies type 'int' but the argument has type 'uint_fast32_t' (aka 'unsigned long') [-Wformat]
postProcess.cpp:57:46: warning: format specifies type 'int' but the argument has type 'unsigned long' [-Wformat]
postProcess.cpp:102:45: warning: format specifies type 'int' but the argument has type 'unsigned long' [-Wformat]
See ‘/home/hornik/tmp/R.check/r-devel-clang/Work/PKGS/PReMiuM.Rcheck/00install.out’ for details.
* used C++ compiler: ‘Debian clang version 17.0.5 (1)’
Flavor: r-devel-linux-x86_64-debian-clang
Version: 3.2.11
Check: whether package can be installed
Result: WARN
Found the following significant warnings:
./include/MCMC/sampler.h:241:55: warning: format ‘%i’ expects argument of type ‘int’, but argument 2 has type ‘uint_fast32_t’ {aka ‘long unsigned int’} [-Wformat=]
postProcess.cpp:57:51: warning: format ‘%i’ expects argument of type ‘int’, but argument 2 has type ‘long unsigned int’ [-Wformat=]
postProcess.cpp:102:43: warning: format ‘%i’ expects argument of type ‘int’, but argument 2 has type ‘long unsigned int’ [-Wformat=]
See ‘/home/hornik/tmp/R.check/r-devel-gcc/Work/PKGS/PReMiuM.Rcheck/00install.out’ for details.
* used C++ compiler: ‘g++-13 (Debian 13.2.0-7) 13.2.0’
Flavor: r-devel-linux-x86_64-debian-gcc
Version: 3.2.11
Check: whether package can be installed
Result: WARN
Found the following significant warnings:
postProcess.cpp:57:46: warning: format specifies type 'int' but the argument has type 'unsigned long' [-Wformat]
postProcess.cpp:102:45: warning: format specifies type 'int' but the argument has type 'unsigned long' [-Wformat]
./include/MCMC/sampler.h:241:39: warning: format specifies type 'int' but the argument has type 'uint_fast32_t' (aka 'unsigned long') [-Wformat]
See ‘/data/gannet/ripley/R/packages/tests-clang/PReMiuM.Rcheck/00install.out’ for details.
* used C++ compiler: ‘clang version 17.0.5’
Flavor: r-devel-linux-x86_64-fedora-clang
Version: 3.2.11
Check: whether package can be installed
Result: WARN
Found the following significant warnings:
./include/MCMC/sampler.h:241:55: warning: format '%i' expects argument of type 'int', but argument 2 has type 'uint_fast32_t' {aka 'long unsigned int'} [-Wformat=]
postProcess.cpp:57:51: warning: format '%i' expects argument of type 'int', but argument 2 has type 'long unsigned int' [-Wformat=]
postProcess.cpp:102:43: warning: format '%i' expects argument of type 'int', but argument 2 has type 'long unsigned int' [-Wformat=]
See ‘/data/gannet/ripley/R/packages/tests-devel/PReMiuM.Rcheck/00install.out’ for details.
* used C++ compiler: ‘g++-13 (GCC) 13.2.0’
Flavor: r-devel-linux-x86_64-fedora-gcc
Version: 3.2.11
Check: whether package can be installed
Result: WARN
Found the following significant warnings:
postProcess.cpp:57:51: warning: format '%i' expects argument of type 'int', but argument 2 has type 'long unsigned int' [-Wformat=]
postProcess.cpp:102:43: warning: format '%i' expects argument of type 'int', but argument 2 has type 'long unsigned int' [-Wformat=]
See 'd:/Rcompile/CRANpkg/local/4.4/PReMiuM.Rcheck/00install.out' for details.
* used C++ compiler: 'g++.exe (GCC) 12.3.0'
Flavor: r-devel-windows-x86_64
Version: 3.2.11
Check: installed package size
Result: NOTE
installed size is 15.4Mb
sub-directories of 1Mb or more:
libs 15.1Mb
Flavors: r-release-macos-arm64, r-release-macos-x86_64, r-oldrel-macos-arm64
Version: 3.2.10
Check: installed package size
Result: NOTE
installed size is 16.9Mb
sub-directories of 1Mb or more:
libs 16.6Mb
Flavor: r-oldrel-macos-x86_64